CRAN Package Check Results for Package jellyfisher

Last updated on 2025-05-08 04:52:08 CEST.

Flavor Version Tinstall Tcheck Ttotal Status Flags
r-devel-linux-x86_64-debian-clang 1.0.4 4.63 42.57 47.20 OK
r-devel-linux-x86_64-debian-gcc 1.0.4 3.24 33.09 36.33 OK
r-devel-linux-x86_64-fedora-clang 1.0.4 74.65 OK
r-devel-linux-x86_64-fedora-gcc 1.0.4 86.94 OK
r-devel-windows-x86_64 1.0.4 6.00 65.00 71.00 OK
r-patched-linux-x86_64 1.0.4 4.63 39.25 43.88 OK
r-release-linux-x86_64 1.0.4 4.30 39.69 43.99 OK
r-release-macos-arm64 1.0.4 49.00 OK
r-release-macos-x86_64 1.0.4 65.00 OK
r-release-windows-x86_64 1.0.4 7.00 66.00 73.00 OK
r-oldrel-macos-arm64 1.0.4 36.00 NOTE
r-oldrel-macos-x86_64 1.0.4 89.00 NOTE
r-oldrel-windows-x86_64 1.0.4 8.00 74.00 82.00 NOTE

Check Details

Version: 1.0.4
Check: package dependencies
Result: NOTE Package suggested but not available for checking: ‘clonevol’ Flavors: r-oldrel-macos-arm64, r-oldrel-macos-x86_64, r-oldrel-windows-x86_64

These binaries (installable software) and packages are in development.
They may not be fully stable and should be used with caution. We make no claims about them.