Last updated on 2025-10-23 11:50:17 CEST.
Flavor | Version | Tinstall | Tcheck | Ttotal | Status | Flags |
---|---|---|---|---|---|---|
r-devel-linux-x86_64-debian-clang | 1.0.4 | 4.59 | 45.96 | 50.55 | NOTE | |
r-devel-linux-x86_64-debian-gcc | 1.0.4 | 3.11 | 34.39 | 37.50 | OK | |
r-devel-linux-x86_64-fedora-clang | 1.0.4 | 15.00 | 61.00 | 76.00 | OK | |
r-devel-linux-x86_64-fedora-gcc | 1.0.4 | 11.00 | 70.00 | 81.00 | OK | |
r-devel-windows-x86_64 | 1.0.4 | 8.00 | 65.00 | 73.00 | OK | |
r-patched-linux-x86_64 | 1.0.4 | 4.68 | 40.61 | 45.29 | OK | |
r-release-linux-x86_64 | 1.0.4 | 4.18 | 41.32 | 45.50 | OK | |
r-release-macos-arm64 | 1.0.4 | 3.00 | 46.00 | 49.00 | OK | |
r-release-macos-x86_64 | 1.0.4 | 4.00 | 61.00 | 65.00 | OK | |
r-release-windows-x86_64 | 1.0.4 | 7.00 | 67.00 | 74.00 | OK | |
r-oldrel-macos-arm64 | 1.0.4 | 2.00 | 34.00 | 36.00 | NOTE | |
r-oldrel-macos-x86_64 | 1.0.4 | 7.00 | 82.00 | 89.00 | NOTE | |
r-oldrel-windows-x86_64 | 1.0.4 | 8.00 | 76.00 | 84.00 | NOTE |
Version: 1.0.4
Check: HTML version of manual
Result: NOTE
Found the following HTML validation problems:
validate_tables.html:46:1 (validate_tables.Rd:10): Warning: missing </ul> before </div>
Flavor: r-devel-linux-x86_64-debian-clang
Version: 1.0.4
Check: package dependencies
Result: NOTE
Package suggested but not available for checking: ‘clonevol’
Flavors: r-oldrel-macos-arm64, r-oldrel-macos-x86_64, r-oldrel-windows-x86_64
These binaries (installable software) and packages are in development.
They may not be fully stable and should be used with caution. We make no claims about them.