Last updated on 2025-10-24 17:50:44 CEST.
| Flavor | Version | Tinstall | Tcheck | Ttotal | Status | Flags |
|---|---|---|---|---|---|---|
| r-devel-linux-x86_64-debian-clang | 1.3.0 | 14.23 | 120.97 | 135.20 | NOTE | |
| r-devel-linux-x86_64-debian-gcc | 1.3.0 | 9.42 | 84.94 | 94.36 | NOTE | |
| r-devel-linux-x86_64-fedora-clang | 1.3.0 | 88.00 | 128.59 | 216.59 | OK | |
| r-devel-linux-x86_64-fedora-gcc | 1.3.0 | 31.00 | 148.41 | 179.41 | OK | |
| r-devel-windows-x86_64 | 1.3.0 | 15.00 | 111.00 | 126.00 | OK | |
| r-patched-linux-x86_64 | 1.3.0 | 15.99 | 111.73 | 127.72 | OK | |
| r-release-linux-x86_64 | 1.3.0 | 14.09 | 111.37 | 125.46 | OK | |
| r-release-macos-arm64 | 1.3.0 | 6.00 | 44.00 | 50.00 | OK | |
| r-release-macos-x86_64 | 1.3.0 | 10.00 | 113.00 | 123.00 | OK | |
| r-release-windows-x86_64 | 1.3.0 | 16.00 | 112.00 | 128.00 | OK | |
| r-oldrel-macos-arm64 | 1.3.0 | 5.00 | 42.00 | 47.00 | OK | |
| r-oldrel-macos-x86_64 | 1.3.0 | 8.00 | 66.00 | 74.00 | OK | |
| r-oldrel-windows-x86_64 | 1.3.0 | 25.00 | 143.00 | 168.00 | OK |
Version: 1.3.0
Check: CRAN incoming feasibility
Result: NOTE
Maintainer: ‘Giancarlo Vercellino <giancarlo.vercellino@gmail.com>’
No Authors@R field in DESCRIPTION.
Please add one, modifying
Authors@R: person(given = "Giancarlo",
family = "Vercellino",
role = c("aut", "cre"),
email = "giancarlo.vercellino@gmail.com")
as necessary.
Flavors: r-devel-linux-x86_64-debian-clang, r-devel-linux-x86_64-debian-gcc
These binaries (installable software) and packages are in development.
They may not be fully stable and should be used with caution. We make no claims about them.