Last updated on 2025-10-23 17:50:51 CEST.
Flavor | Version | Tinstall | Tcheck | Ttotal | Status | Flags |
---|---|---|---|---|---|---|
r-devel-linux-x86_64-debian-clang | 2.0.2 | 8.52 | 72.80 | 81.32 | NOTE | |
r-devel-linux-x86_64-debian-gcc | 2.0.2 | 6.07 | 53.90 | 59.97 | OK | |
r-devel-linux-x86_64-fedora-clang | 2.0.2 | 25.00 | 105.00 | 130.00 | OK | |
r-devel-linux-x86_64-fedora-gcc | 2.0.2 | 19.00 | 105.71 | 124.71 | OK | |
r-devel-windows-x86_64 | 2.0.2 | 9.00 | 80.00 | 89.00 | OK | |
r-patched-linux-x86_64 | 2.0.2 | 8.03 | 69.25 | 77.28 | OK | |
r-release-linux-x86_64 | 2.0.2 | 8.52 | 68.51 | 77.03 | OK | |
r-release-macos-arm64 | 2.0.2 | 5.00 | 44.00 | 49.00 | OK | |
r-release-macos-x86_64 | 2.0.2 | 10.00 | 87.00 | 97.00 | OK | |
r-release-windows-x86_64 | 2.0.2 | 9.00 | 81.00 | 90.00 | OK | |
r-oldrel-macos-arm64 | 2.0.2 | 4.00 | 40.00 | 44.00 | OK | |
r-oldrel-macos-x86_64 | 2.0.2 | 6.00 | 57.00 | 63.00 | OK | |
r-oldrel-windows-x86_64 | 2.0.2 | 12.00 | 102.00 | 114.00 | OK |
Version: 2.0.2
Check: HTML version of manual
Result: NOTE
Found the following HTML validation problems:
addZeroDiagonal.html:46:1 (addZeroDiagonal.Rd:10): Warning: missing </ul> before </div>
removeDiagonal.html:47:1 (removeDiagonal.Rd:10): Warning: missing </ul> before </div>
Flavor: r-devel-linux-x86_64-debian-clang
These binaries (installable software) and packages are in development.
They may not be fully stable and should be used with caution. We make no claims about them.