Last updated on 2025-02-16 08:50:50 CET.
Flavor | Version | Tinstall | Tcheck | Ttotal | Status | Flags |
---|---|---|---|---|---|---|
r-devel-linux-x86_64-debian-clang | 0.7.2 | 496.56 | 170.68 | 667.24 | OK | |
r-devel-linux-x86_64-debian-gcc | 0.7.2 | 484.50 | 159.56 | 644.06 | OK | |
r-devel-linux-x86_64-fedora-clang | 0.7.2 | 1076.14 | NOTE | |||
r-devel-linux-x86_64-fedora-gcc | 0.7.2 | 1548.57 | NOTE | |||
r-devel-macos-arm64 | 0.7.2 | 279.00 | OK | |||
r-devel-macos-x86_64 | 0.7.2 | 300.00 | OK | |||
r-devel-windows-x86_64 | 0.7.2 | 496.00 | 213.00 | 709.00 | OK | |
r-patched-linux-x86_64 | 0.7.2 | 617.51 | 196.52 | 814.03 | NOTE | |
r-release-linux-x86_64 | 0.7.2 | 595.77 | 213.05 | 808.82 | NOTE | |
r-release-macos-arm64 | 0.7.2 | 151.00 | NOTE | |||
r-release-macos-x86_64 | 0.7.2 | 155.00 | NOTE | |||
r-release-windows-x86_64 | 0.7.2 | 500.00 | 220.00 | 720.00 | NOTE | |
r-oldrel-macos-arm64 | 0.7.2 | 498.00 | NOTE | |||
r-oldrel-macos-x86_64 | 0.7.2 | 332.00 | NOTE | |||
r-oldrel-windows-x86_64 | 0.7.2 | 672.00 | 271.00 | 943.00 | NOTE |
Version: 0.7.2
Check: dependencies in R code
Result: NOTE
Namespaces in Imports field not imported from:
‘RcppParallel’ ‘rstantools’
All declared Imports should be used.
Flavors: r-devel-linux-x86_64-fedora-clang, r-devel-linux-x86_64-fedora-gcc
Version: 0.7.2
Check: for GNU extensions in Makefiles
Result: NOTE
GNU make is a SystemRequirements.
Flavors: r-patched-linux-x86_64, r-release-linux-x86_64, r-release-macos-arm64, r-release-macos-x86_64, r-release-windows-x86_64, r-oldrel-macos-arm64, r-oldrel-macos-x86_64, r-oldrel-windows-x86_64
Version: 0.7.2
Check: installed package size
Result: NOTE
installed size is 102.5Mb
sub-directories of 1Mb or more:
libs 101.1Mb
Flavors: r-release-macos-arm64, r-release-macos-x86_64, r-release-windows-x86_64, r-oldrel-macos-arm64, r-oldrel-macos-x86_64, r-oldrel-windows-x86_64
These binaries (installable software) and packages are in development.
They may not be fully stable and should be used with caution. We make no claims about them.