CRAN Package Check Results for Package jfa

Last updated on 2025-05-08 04:52:08 CEST.

Flavor Version Tinstall Tcheck Ttotal Status Flags
r-devel-linux-x86_64-debian-clang 0.7.3 507.35 178.67 686.02 OK
r-devel-linux-x86_64-debian-gcc 0.7.3 501.84 161.99 663.83 OK
r-devel-linux-x86_64-fedora-clang 0.7.3 1052.82 NOTE
r-devel-linux-x86_64-fedora-gcc 0.7.3 1575.39 NOTE
r-devel-windows-x86_64 0.7.3 590.00 230.00 820.00 OK
r-patched-linux-x86_64 0.7.3 603.88 220.98 824.86 OK
r-release-linux-x86_64 0.7.3 609.01 221.07 830.08 OK
r-release-macos-arm64 0.7.3 283.00 OK
r-release-macos-x86_64 0.7.3 227.00 OK
r-release-windows-x86_64 0.7.3 572.00 233.00 805.00 OK
r-oldrel-macos-arm64 0.7.3 233.00 NOTE
r-oldrel-macos-x86_64 0.7.3 268.00 NOTE
r-oldrel-windows-x86_64 0.7.3 651.00 291.00 942.00 NOTE

Check Details

Version: 0.7.3
Check: dependencies in R code
Result: NOTE Namespaces in Imports field not imported from: ‘RcppParallel’ ‘rstantools’ All declared Imports should be used. Flavors: r-devel-linux-x86_64-fedora-clang, r-devel-linux-x86_64-fedora-gcc

Version: 0.7.3
Check: installed package size
Result: NOTE installed size is 102.5Mb sub-directories of 1Mb or more: libs 101.1Mb Flavors: r-oldrel-macos-arm64, r-oldrel-macos-x86_64, r-oldrel-windows-x86_64

Version: 0.7.3
Check: for GNU extensions in Makefiles
Result: NOTE GNU make is a SystemRequirements. Flavors: r-oldrel-macos-arm64, r-oldrel-macos-x86_64, r-oldrel-windows-x86_64

These binaries (installable software) and packages are in development.
They may not be fully stable and should be used with caution. We make no claims about them.