Last updated on 2024-07-27 15:50:21 CEST.
Flavor | Version | Tinstall | Tcheck | Ttotal | Status | Flags |
---|---|---|---|---|---|---|
r-devel-linux-x86_64-debian-clang | 0.7.1 | 621.34 | 219.64 | 840.98 | NOTE | |
r-devel-linux-x86_64-debian-gcc | 0.7.1 | NOTE | ||||
r-devel-linux-x86_64-fedora-clang | 0.7.1 | 1117.26 | NOTE | |||
r-devel-linux-x86_64-fedora-gcc | 0.7.1 | 1563.36 | NOTE | |||
r-devel-windows-x86_64 | 0.7.1 | 520.00 | 224.00 | 744.00 | NOTE | |
r-patched-linux-x86_64 | 0.7.1 | NOTE | ||||
r-release-linux-x86_64 | 0.7.1 | 501.81 | 264.88 | 766.69 | NOTE | |
r-release-macos-arm64 | 0.7.1 | 270.00 | NOTE | |||
r-release-macos-x86_64 | 0.7.1 | 244.00 | NOTE | |||
r-release-windows-x86_64 | 0.7.1 | 513.00 | 229.00 | 742.00 | NOTE | |
r-oldrel-macos-arm64 | 0.7.1 | 304.00 | NOTE | |||
r-oldrel-macos-x86_64 | 0.7.1 | 325.00 | NOTE | |||
r-oldrel-windows-x86_64 | 0.7.1 | 671.00 | 282.00 | 953.00 | NOTE |
Version: 0.7.1
Check: for GNU extensions in Makefiles
Result: NOTE
GNU make is a SystemRequirements.
Flavors: r-devel-linux-x86_64-debian-clang, r-devel-linux-x86_64-debian-gcc, r-devel-linux-x86_64-fedora-clang, r-devel-linux-x86_64-fedora-gcc, r-devel-windows-x86_64, r-patched-linux-x86_64, r-release-linux-x86_64, r-release-macos-arm64, r-release-macos-x86_64, r-release-windows-x86_64, r-oldrel-macos-arm64, r-oldrel-macos-x86_64, r-oldrel-windows-x86_64
Version: 0.7.1
Check: installed package size
Result: NOTE
installed size is 7.2Mb
sub-directories of 1Mb or more:
libs 5.8Mb
Flavors: r-devel-linux-x86_64-fedora-clang, r-devel-windows-x86_64, r-release-macos-arm64, r-release-macos-x86_64, r-release-windows-x86_64, r-oldrel-macos-arm64, r-oldrel-macos-x86_64, r-oldrel-windows-x86_64
Version: 0.7.1
Check: dependencies in R code
Result: NOTE
Namespaces in Imports field not imported from:
‘RcppParallel’ ‘rstantools’
All declared Imports should be used.
Flavors: r-devel-linux-x86_64-fedora-clang, r-devel-linux-x86_64-fedora-gcc
These binaries (installable software) and packages are in development.
They may not be fully stable and should be used with caution. We make no claims about them.