Last updated on 2025-10-23 17:50:51 CEST.
Flavor | Version | Tinstall | Tcheck | Ttotal | Status | Flags |
---|---|---|---|---|---|---|
r-devel-linux-x86_64-debian-clang | 0.7.3 | 501.74 | 191.79 | 693.53 | OK | |
r-devel-linux-x86_64-debian-gcc | 0.7.3 | 478.00 | 169.77 | 647.77 | NOTE | |
r-devel-linux-x86_64-fedora-clang | 0.7.3 | 1320.00 | -194.32 | 1125.68 | NOTE | |
r-devel-linux-x86_64-fedora-gcc | 0.7.3 | 1140.00 | 320.92 | 1460.92 | NOTE | |
r-devel-windows-x86_64 | 0.7.3 | 588.00 | 239.00 | 827.00 | OK | |
r-patched-linux-x86_64 | 0.7.3 | 602.90 | 235.14 | 838.04 | OK | |
r-release-linux-x86_64 | 0.7.3 | 607.11 | 236.32 | 843.43 | OK | |
r-release-macos-arm64 | 0.7.3 | 214.00 | 69.00 | 283.00 | OK | |
r-release-macos-x86_64 | 0.7.3 | 146.00 | 81.00 | 227.00 | OK | |
r-release-windows-x86_64 | 0.7.3 | 587.00 | 239.00 | 826.00 | OK | |
r-oldrel-macos-arm64 | 0.7.3 | 181.00 | 52.00 | 233.00 | NOTE | |
r-oldrel-macos-x86_64 | 0.7.3 | 163.00 | 105.00 | 268.00 | NOTE | |
r-oldrel-windows-x86_64 | 0.7.3 | 653.00 | 310.00 | 963.00 | NOTE |
Version: 0.7.3
Check: Rd files
Result: NOTE
checkRd: (-1) fairness_selection.Rd:106: height/width attributes should be in pixels
checkRd: (-1) model_fairness.Rd:153: height/width attributes should be in pixels
Flavors: r-devel-linux-x86_64-debian-gcc, r-devel-linux-x86_64-fedora-gcc
Version: 0.7.3
Check: dependencies in R code
Result: NOTE
Namespaces in Imports field not imported from:
‘RcppParallel’ ‘rstantools’
All declared Imports should be used.
Flavors: r-devel-linux-x86_64-fedora-clang, r-devel-linux-x86_64-fedora-gcc
Version: 0.7.3
Check: installed package size
Result: NOTE
installed size is 102.5Mb
sub-directories of 1Mb or more:
libs 101.1Mb
Flavors: r-oldrel-macos-arm64, r-oldrel-macos-x86_64, r-oldrel-windows-x86_64
Version: 0.7.3
Check: for GNU extensions in Makefiles
Result: NOTE
GNU make is a SystemRequirements.
Flavors: r-oldrel-macos-arm64, r-oldrel-macos-x86_64, r-oldrel-windows-x86_64
These binaries (installable software) and packages are in development.
They may not be fully stable and should be used with caution. We make no claims about them.