Last updated on 2025-07-22 19:51:51 CEST.
Flavor | Version | Tinstall | Tcheck | Ttotal | Status | Flags |
---|---|---|---|---|---|---|
r-devel-linux-x86_64-debian-clang | 0.7.3 | 518.68 | 179.85 | 698.53 | OK | |
r-devel-linux-x86_64-debian-gcc | 0.7.3 | 483.90 | 165.09 | 648.99 | OK | |
r-devel-linux-x86_64-fedora-clang | 0.7.3 | 1018.81 | NOTE | |||
r-devel-linux-x86_64-fedora-gcc | 0.7.3 | 1463.90 | NOTE | |||
r-devel-windows-x86_64 | 0.7.3 | 570.00 | 226.00 | 796.00 | OK | |
r-patched-linux-x86_64 | 0.7.3 | 595.16 | 223.76 | 818.92 | OK | |
r-release-linux-x86_64 | 0.7.3 | 602.69 | 222.74 | 825.43 | OK | |
r-release-macos-arm64 | 0.7.3 | 283.00 | OK | |||
r-release-macos-x86_64 | 0.7.3 | 227.00 | OK | |||
r-release-windows-x86_64 | 0.7.3 | 585.00 | 230.00 | 815.00 | OK | |
r-oldrel-macos-arm64 | 0.7.3 | 233.00 | NOTE | |||
r-oldrel-macos-x86_64 | 0.7.3 | 268.00 | NOTE | |||
r-oldrel-windows-x86_64 | 0.7.3 | 635.00 | 298.00 | 933.00 | NOTE |
Version: 0.7.3
Check: dependencies in R code
Result: NOTE
Namespaces in Imports field not imported from:
‘RcppParallel’ ‘rstantools’
All declared Imports should be used.
Flavors: r-devel-linux-x86_64-fedora-clang, r-devel-linux-x86_64-fedora-gcc
Version: 0.7.3
Check: installed package size
Result: NOTE
installed size is 102.5Mb
sub-directories of 1Mb or more:
libs 101.1Mb
Flavors: r-oldrel-macos-arm64, r-oldrel-macos-x86_64, r-oldrel-windows-x86_64
Version: 0.7.3
Check: for GNU extensions in Makefiles
Result: NOTE
GNU make is a SystemRequirements.
Flavors: r-oldrel-macos-arm64, r-oldrel-macos-x86_64, r-oldrel-windows-x86_64
These binaries (installable software) and packages are in development.
They may not be fully stable and should be used with caution. We make no claims about them.