Last updated on 2025-02-16 08:50:50 CET.
Flavor | Version | Tinstall | Tcheck | Ttotal | Status | Flags |
---|---|---|---|---|---|---|
r-devel-linux-x86_64-debian-clang | 0.11 | 44.26 | 55.19 | 99.45 | NOTE | |
r-devel-linux-x86_64-debian-gcc | 0.11 | 32.62 | 40.61 | 73.23 | NOTE | |
r-devel-linux-x86_64-fedora-clang | 0.11 | 176.24 | NOTE | |||
r-devel-linux-x86_64-fedora-gcc | 0.11 | 193.40 | NOTE | |||
r-devel-macos-arm64 | 0.11 | 54.00 | NOTE | |||
r-devel-macos-x86_64 | 0.11 | 86.00 | NOTE | |||
r-devel-windows-x86_64 | 0.11 | 46.00 | 108.00 | 154.00 | NOTE | |
r-patched-linux-x86_64 | 0.11 | 41.51 | 54.75 | 96.26 | NOTE | |
r-release-linux-x86_64 | 0.11 | 44.07 | 56.05 | 100.12 | NOTE | |
r-release-macos-arm64 | 0.11 | 53.00 | NOTE | |||
r-release-macos-x86_64 | 0.11 | 79.00 | NOTE | |||
r-release-windows-x86_64 | 0.11 | 47.00 | 107.00 | 154.00 | NOTE | |
r-oldrel-macos-arm64 | 0.11 | 61.00 | NOTE | |||
r-oldrel-macos-x86_64 | 0.11 | 100.00 | NOTE | |||
r-oldrel-windows-x86_64 | 0.11 | 55.00 | 120.00 | 175.00 | NOTE |
Version: 0.11
Check: C++ specification
Result: NOTE
Specified C++11: please drop specification unless essential
Flavors: r-devel-linux-x86_64-debian-clang, r-devel-linux-x86_64-debian-gcc, r-devel-linux-x86_64-fedora-clang, r-devel-linux-x86_64-fedora-gcc, r-devel-macos-arm64, r-devel-macos-x86_64, r-devel-windows-x86_64, r-patched-linux-x86_64, r-release-linux-x86_64, r-release-macos-arm64, r-release-macos-x86_64, r-release-windows-x86_64, r-oldrel-macos-arm64, r-oldrel-macos-x86_64, r-oldrel-windows-x86_64
Version: 0.11
Check: installed package size
Result: NOTE
installed size is 5.5Mb
sub-directories of 1Mb or more:
libs 5.1Mb
Flavors: r-release-macos-arm64, r-release-macos-x86_64, r-oldrel-macos-arm64, r-oldrel-macos-x86_64
These binaries (installable software) and packages are in development.
They may not be fully stable and should be used with caution. We make no claims about them.