Last updated on 2024-07-27 15:50:21 CEST.
Flavor | Version | Tinstall | Tcheck | Ttotal | Status | Flags |
---|---|---|---|---|---|---|
r-devel-linux-x86_64-debian-clang | 0.11 | 57.37 | 67.75 | 125.12 | NOTE | |
r-devel-linux-x86_64-debian-gcc | 0.11 | NOTE | ||||
r-devel-linux-x86_64-fedora-clang | 0.11 | 211.98 | NOTE | |||
r-devel-linux-x86_64-fedora-gcc | 0.11 | 190.92 | NOTE | |||
r-devel-windows-x86_64 | 0.11 | 47.00 | 105.00 | 152.00 | NOTE | |
r-patched-linux-x86_64 | 0.11 | NOTE | ||||
r-release-linux-x86_64 | 0.11 | 43.89 | 67.30 | 111.19 | NOTE | |
r-release-macos-arm64 | 0.11 | 53.00 | NOTE | |||
r-release-macos-x86_64 | 0.11 | 79.00 | NOTE | |||
r-release-windows-x86_64 | 0.11 | 62.00 | 109.00 | 171.00 | NOTE | |
r-oldrel-macos-arm64 | 0.11 | 61.00 | NOTE | |||
r-oldrel-macos-x86_64 | 0.11 | 100.00 | NOTE | |||
r-oldrel-windows-x86_64 | 0.11 | 54.00 | 126.00 | 180.00 | NOTE |
Version: 0.11
Check: C++ specification
Result: NOTE
Specified C++11: please drop specification unless essential
Flavors: r-devel-linux-x86_64-debian-clang, r-devel-linux-x86_64-debian-gcc, r-devel-linux-x86_64-fedora-clang, r-devel-linux-x86_64-fedora-gcc, r-devel-windows-x86_64, r-patched-linux-x86_64, r-release-linux-x86_64, r-release-macos-arm64, r-release-macos-x86_64, r-release-windows-x86_64, r-oldrel-macos-arm64, r-oldrel-macos-x86_64, r-oldrel-windows-x86_64
Version: 0.11
Check: installed package size
Result: NOTE
installed size is 5.5Mb
sub-directories of 1Mb or more:
libs 5.1Mb
Flavors: r-release-macos-arm64, r-release-macos-x86_64, r-oldrel-macos-arm64, r-oldrel-macos-x86_64
These binaries (installable software) and packages are in development.
They may not be fully stable and should be used with caution. We make no claims about them.