Last updated on 2025-11-11 15:50:37 CET.
| Flavor | Version | Tinstall | Tcheck | Ttotal | Status | Flags |
|---|---|---|---|---|---|---|
| r-devel-linux-x86_64-debian-clang | 0.3.2 | 48.54 | 44.30 | 92.84 | OK | |
| r-devel-linux-x86_64-debian-gcc | 0.3.2 | 39.97 | 34.51 | 74.48 | OK | |
| r-devel-linux-x86_64-fedora-clang | 0.3.2 | 109.00 | 43.43 | 152.43 | OK | |
| r-devel-linux-x86_64-fedora-gcc | 0.3.2 | 120.00 | 64.46 | 184.46 | OK | |
| r-devel-windows-x86_64 | 0.3.2 | 51.00 | 90.00 | 141.00 | OK | |
| r-patched-linux-x86_64 | 0.3.2 | 56.55 | 41.67 | 98.22 | OK | |
| r-release-linux-x86_64 | 0.3.2 | 54.01 | 41.35 | 95.36 | OK | |
| r-release-macos-arm64 | 0.3.2 | 22.00 | 44.00 | 66.00 | OK | |
| r-release-macos-x86_64 | 0.3.2 | 30.00 | 65.00 | 95.00 | OK | |
| r-release-windows-x86_64 | 0.3.2 | 54.00 | 83.00 | 137.00 | OK | |
| r-oldrel-macos-arm64 | 0.3.2 | 21.00 | 61.00 | 82.00 | NOTE | |
| r-oldrel-macos-x86_64 | 0.3.2 | 22.00 | 111.00 | 133.00 | NOTE | |
| r-oldrel-windows-x86_64 | 0.3.2 | 53.00 | 101.00 | 154.00 | OK |
Version: 0.3.2
Check: installed package size
Result: NOTE
installed size is 7.4Mb
sub-directories of 1Mb or more:
libs 7.1Mb
Flavors: r-oldrel-macos-arm64, r-oldrel-macos-x86_64
These binaries (installable software) and packages are in development.
They may not be fully stable and should be used with caution. We make no claims about them.