CRAN Package Check Results for Package jinjar

Last updated on 2025-07-25 09:50:50 CEST.

Flavor Version Tinstall Tcheck Ttotal Status Flags
r-devel-linux-x86_64-debian-clang 0.3.2 51.09 43.42 94.51 OK
r-devel-linux-x86_64-debian-gcc 0.3.2 40.73 33.49 74.22 OK
r-devel-linux-x86_64-fedora-clang 0.3.2 154.49 OK
r-devel-linux-x86_64-fedora-gcc 0.3.2 197.85 OK
r-devel-windows-x86_64 0.3.2 55.00 92.00 147.00 OK
r-patched-linux-x86_64 0.3.2 56.80 40.07 96.87 OK
r-release-linux-x86_64 0.3.2 54.41 40.06 94.47 OK
r-release-macos-arm64 0.3.2 66.00 OK
r-release-macos-x86_64 0.3.2 95.00 OK
r-release-windows-x86_64 0.3.2 55.00 84.00 139.00 OK
r-oldrel-macos-arm64 0.3.2 82.00 NOTE
r-oldrel-macos-x86_64 0.3.2 133.00 NOTE
r-oldrel-windows-x86_64 0.3.2 54.00 103.00 157.00 OK

Check Details

Version: 0.3.2
Check: installed package size
Result: NOTE installed size is 7.4Mb sub-directories of 1Mb or more: libs 7.1Mb Flavors: r-oldrel-macos-arm64, r-oldrel-macos-x86_64

These binaries (installable software) and packages are in development.
They may not be fully stable and should be used with caution. We make no claims about them.