CRAN Package Check Results for Package jjb

Last updated on 2025-07-01 11:49:21 CEST.

Flavor Version Tinstall Tcheck Ttotal Status Flags
r-devel-linux-x86_64-debian-clang 0.1.1 2.20 21.16 23.36 NOTE
r-devel-linux-x86_64-debian-gcc 0.1.1 1.56 17.43 18.99 NOTE
r-devel-linux-x86_64-fedora-clang 0.1.1 33.32 OK
r-devel-linux-x86_64-fedora-gcc 0.1.1 34.64 OK
r-devel-windows-x86_64 0.1.1 3.00 43.00 46.00 OK
r-patched-linux-x86_64 OK
r-release-linux-x86_64 0.1.1 1.71 20.11 21.82 OK
r-release-macos-arm64 0.1.1 15.00 OK
r-release-macos-x86_64 0.1.1 25.00 OK
r-release-windows-x86_64 0.1.1 4.00 49.00 53.00 OK
r-oldrel-macos-arm64 0.1.1 15.00 OK
r-oldrel-macos-x86_64 0.1.1 20.00 OK
r-oldrel-windows-x86_64 0.1.1 4.00 42.00 46.00 OK

Check Details

Version: 0.1.1
Check: CRAN incoming feasibility
Result: NOTE Maintainer: ‘James Balamuta <balamut2@illinois.edu>’ Package CITATION file contains call(s) to old-style citEntry(). Please use bibentry() instead. Flavors: r-devel-linux-x86_64-debian-clang, r-devel-linux-x86_64-debian-gcc

These binaries (installable software) and packages are in development.
They may not be fully stable and should be used with caution. We make no claims about them.