CRAN Package Check Results for Package jjb

Last updated on 2025-11-11 17:50:02 CET.

Flavor Version Tinstall Tcheck Ttotal Status Flags
r-devel-linux-x86_64-debian-clang 0.1.1 1.59 22.77 24.36 NOTE
r-devel-linux-x86_64-debian-gcc 0.1.1 1.68 18.30 19.98 NOTE
r-devel-linux-x86_64-fedora-clang 0.1.1 34.45 OK
r-devel-linux-x86_64-fedora-gcc 0.1.1 33.95 OK
r-devel-windows-x86_64 0.1.1 5.00 41.00 46.00 OK
r-patched-linux-x86_64 0.1.1 2.32 21.65 23.97 OK
r-release-linux-x86_64 0.1.1 1.92 21.65 23.57 OK
r-release-macos-arm64 0.1.1 1.00 14.00 15.00 OK
r-release-macos-x86_64 0.1.1 2.00 23.00 25.00 OK
r-release-windows-x86_64 0.1.1 5.00 41.00 46.00 OK
r-oldrel-macos-arm64 0.1.1 1.00 14.00 15.00 OK
r-oldrel-macos-x86_64 0.1.1 2.00 18.00 20.00 OK
r-oldrel-windows-x86_64 0.1.1 4.00 42.00 46.00 OK

Check Details

Version: 0.1.1
Check: CRAN incoming feasibility
Result: NOTE Maintainer: ‘James Balamuta <balamut2@illinois.edu>’ Package CITATION file contains call(s) to old-style citEntry(). Please use bibentry() instead. Flavors: r-devel-linux-x86_64-debian-clang, r-devel-linux-x86_64-debian-gcc

These binaries (installable software) and packages are in development.
They may not be fully stable and should be used with caution. We make no claims about them.