Last updated on 2025-02-23 07:51:56 CET.
Flavor | Version | Tinstall | Tcheck | Ttotal | Status | Flags |
---|---|---|---|---|---|---|
r-devel-linux-x86_64-debian-clang | 0.1.3 | 0.35 | 1.75 | 2.10 | ERROR | |
r-devel-linux-x86_64-debian-gcc | 0.1.3 | 20.70 | 156.55 | 177.25 | OK | |
r-devel-linux-x86_64-fedora-clang | 0.1.3 | 403.04 | OK | |||
r-devel-linux-x86_64-fedora-gcc | 0.1.3 | 390.49 | OK | |||
r-devel-macos-arm64 | 0.1.3 | 93.00 | OK | |||
r-devel-macos-x86_64 | 0.1.3 | 205.00 | OK | |||
r-devel-windows-x86_64 | 0.1.3 | 26.00 | 186.00 | 212.00 | OK | |
r-patched-linux-x86_64 | 0.1.3 | 23.11 | 204.32 | 227.43 | OK | |
r-release-linux-x86_64 | 0.1.3 | 23.37 | 207.88 | 231.25 | OK | |
r-release-macos-arm64 | 0.1.3 | 105.00 | OK | |||
r-release-macos-x86_64 | 0.1.3 | 185.00 | OK | |||
r-release-windows-x86_64 | 0.1.3 | 25.00 | 188.00 | 213.00 | OK | |
r-oldrel-macos-arm64 | 0.1.2 | 94.00 | OK | |||
r-oldrel-macos-x86_64 | 0.1.3 | 210.00 | OK | |||
r-oldrel-windows-x86_64 | 0.1.3 | 27.00 | 242.00 | 269.00 | OK |
Version: 0.1.3
Check: package dependencies
Result: ERROR
Package required but not available: ‘rstanarm’
See section ‘The DESCRIPTION file’ in the ‘Writing R Extensions’
manual.
Flavor: r-devel-linux-x86_64-debian-clang
These binaries (installable software) and packages are in development.
They may not be fully stable and should be used with caution. We make no claims about them.