CRAN Package Check Results for Package jmdem

Last updated on 2025-11-11 15:50:37 CET.

Flavor Version Tinstall Tcheck Ttotal Status Flags
r-devel-linux-x86_64-debian-clang 1.0.1 6.21 52.77 58.98 NOTE
r-devel-linux-x86_64-debian-gcc 1.0.1 3.87 38.54 42.41 NOTE
r-devel-linux-x86_64-fedora-clang 1.0.1 13.00 76.46 89.46 NOTE
r-devel-linux-x86_64-fedora-gcc 1.0.1 14.00 68.93 82.93 NOTE
r-devel-windows-x86_64 1.0.1 6.00 65.00 71.00 NOTE
r-patched-linux-x86_64 1.0.1 6.76 49.79 56.55 NOTE
r-release-linux-x86_64 1.0.1 6.38 50.16 56.54 NOTE
r-release-macos-arm64 1.0.1 3.00 26.00 29.00 NOTE
r-release-macos-x86_64 1.0.1 8.00 49.00 57.00 NOTE
r-release-windows-x86_64 1.0.1 7.00 66.00 73.00 NOTE
r-oldrel-macos-arm64 1.0.1 3.00 24.00 27.00 NOTE
r-oldrel-macos-x86_64 1.0.1 4.00 35.00 39.00 NOTE
r-oldrel-windows-x86_64 1.0.1 9.00 79.00 88.00 NOTE

Check Details

Version: 1.0.1
Check: CRAN incoming feasibility
Result: NOTE Maintainer: ‘Ka Yui Karl Wu <karlwuky@suss.edu.sg>’ No Authors@R field in DESCRIPTION. Please add one, modifying Authors@R: person(given = c("Ka", "Yui", "Karl"), family = "Wu", role = c("aut", "cre"), email = "karlwuky@suss.edu.sg") as necessary. Flavors: r-devel-linux-x86_64-debian-clang, r-devel-linux-x86_64-debian-gcc

Version: 1.0.1
Check: Rd files
Result: NOTE checkRd: (-1) jmdem.control.Rd:42: Lost braces; missing escapes or markup? 42 | The control argument of \code{jmdem} is by default passed to the control argument of {jmdem.fit}, which uses its elements as arguments to {jmdem.control}: the latter provides defaults and sanity checking. | ^ checkRd: (-1) jmdem.control.Rd:42: Lost braces; missing escapes or markup? 42 | The control argument of \code{jmdem} is by default passed to the control argument of {jmdem.fit}, which uses its elements as arguments to {jmdem.control}: the latter provides defaults and sanity checking. | ^ Flavors: r-devel-linux-x86_64-debian-clang, r-devel-linux-x86_64-debian-gcc, r-devel-linux-x86_64-fedora-clang, r-devel-linux-x86_64-fedora-gcc, r-devel-windows-x86_64, r-patched-linux-x86_64, r-release-linux-x86_64, r-release-macos-arm64, r-release-macos-x86_64, r-release-windows-x86_64, r-oldrel-macos-arm64, r-oldrel-macos-x86_64, r-oldrel-windows-x86_64

These binaries (installable software) and packages are in development.
They may not be fully stable and should be used with caution. We make no claims about them.