Last updated on 2025-02-16 08:50:50 CET.
Flavor | Version | Tinstall | Tcheck | Ttotal | Status | Flags |
---|---|---|---|---|---|---|
r-devel-linux-x86_64-debian-clang | 1.1.1 | 152.06 | 30.10 | 182.16 | NOTE | |
r-devel-linux-x86_64-debian-gcc | 1.1.1 | 108.64 | 23.55 | 132.19 | NOTE | |
r-devel-linux-x86_64-fedora-clang | 1.1.1 | 401.81 | NOTE | |||
r-devel-linux-x86_64-fedora-gcc | 1.1.1 | 385.07 | NOTE | |||
r-devel-macos-arm64 | 1.1.1 | 67.00 | NOTE | |||
r-devel-macos-x86_64 | 1.1.1 | 81.00 | NOTE | |||
r-devel-windows-x86_64 | 1.1.1 | 163.00 | 77.00 | 240.00 | NOTE | |
r-patched-linux-x86_64 | 1.1.1 | 147.92 | 29.10 | 177.02 | NOTE | |
r-release-linux-x86_64 | 1.1.1 | 137.66 | 28.65 | 166.31 | NOTE | |
r-release-macos-arm64 | 1.1.1 | 76.00 | NOTE | |||
r-release-macos-x86_64 | 1.1.1 | 72.00 | NOTE | |||
r-release-windows-x86_64 | 1.1.1 | 167.00 | 82.00 | 249.00 | NOTE | |
r-oldrel-macos-arm64 | 1.1.1 | 97.00 | NOTE | |||
r-oldrel-macos-x86_64 | 1.1.1 | 174.00 | NOTE | |||
r-oldrel-windows-x86_64 | 1.1.1 | 205.00 | 88.00 | 293.00 | NOTE |
Version: 1.1.1
Check: C++ specification
Result: NOTE
Specified C++11: please drop specification unless essential
Flavors: r-devel-linux-x86_64-debian-clang, r-devel-linux-x86_64-debian-gcc, r-devel-linux-x86_64-fedora-clang, r-devel-linux-x86_64-fedora-gcc, r-devel-macos-arm64, r-devel-macos-x86_64, r-devel-windows-x86_64, r-patched-linux-x86_64, r-release-linux-x86_64, r-release-macos-arm64, r-release-macos-x86_64, r-release-windows-x86_64, r-oldrel-macos-arm64, r-oldrel-macos-x86_64, r-oldrel-windows-x86_64
Version: 1.1.1
Check: installed package size
Result: NOTE
installed size is 6.6Mb
sub-directories of 1Mb or more:
data 1.1Mb
libs 5.4Mb
Flavors: r-release-macos-arm64, r-release-macos-x86_64, r-oldrel-macos-arm64, r-oldrel-macos-x86_64
These binaries (installable software) and packages are in development.
They may not be fully stable and should be used with caution. We make no claims about them.