Last updated on 2025-02-19 16:50:51 CET.
Flavor | Version | Tinstall | Tcheck | Ttotal | Status | Flags |
---|---|---|---|---|---|---|
r-devel-linux-x86_64-debian-clang | 2.5.6 | 91.10 | 137.49 | 228.59 | OK | |
r-devel-linux-x86_64-debian-gcc | 2.5.6 | 53.89 | 100.01 | 153.90 | OK | |
r-devel-linux-x86_64-fedora-clang | 2.5.6 | 383.57 | NOTE | |||
r-devel-linux-x86_64-fedora-gcc | 2.5.6 | 354.99 | NOTE | |||
r-devel-macos-arm64 | 2.5.6 | 94.00 | OK | |||
r-devel-macos-x86_64 | 2.5.6 | 224.00 | OK | |||
r-devel-windows-x86_64 | 2.5.6 | 82.00 | 140.00 | 222.00 | OK | |
r-patched-linux-x86_64 | 2.5.6 | 84.88 | 128.94 | 213.82 | OK | |
r-release-linux-x86_64 | 2.5.6 | 90.57 | 129.28 | 219.85 | OK | |
r-release-macos-arm64 | 2.5.6 | 56.00 | NOTE | |||
r-release-macos-x86_64 | 2.5.6 | 113.00 | NOTE | |||
r-release-windows-x86_64 | 2.5.6 | 83.00 | 138.00 | 221.00 | NOTE | |
r-oldrel-macos-arm64 | 2.5.6 | 86.00 | NOTE | |||
r-oldrel-macos-x86_64 | 2.5.6 | 125.00 | NOTE | |||
r-oldrel-windows-x86_64 | 2.5.6 | 113.00 | 176.00 | 289.00 | NOTE |
Version: 2.5.6
Check: dependencies in R code
Result: NOTE
Namespaces in Imports field not imported from:
‘BayesFactor’ ‘GGally’ ‘GPArotation’ ‘MASS’ ‘PMCMR’ ‘R6’ ‘ROCR’
‘afex’ ‘car’ ‘dplyr’ ‘emmeans’ ‘ggrepel’ ‘ggridges’ ‘lavaan’
‘multcomp’ ‘mvnormtest’ ‘nnet’ ‘psych’ ‘vcd’ ‘vcdExtra’
All declared Imports should be used.
Flavors: r-devel-linux-x86_64-fedora-clang, r-devel-linux-x86_64-fedora-gcc
Version: 2.5.6
Check: installed package size
Result: NOTE
installed size is 11.0Mb
sub-directories of 1Mb or more:
R 4.0Mb
i18n 6.7Mb
Flavors: r-release-macos-arm64, r-release-macos-x86_64, r-release-windows-x86_64, r-oldrel-macos-arm64, r-oldrel-macos-x86_64, r-oldrel-windows-x86_64
These binaries (installable software) and packages are in development.
They may not be fully stable and should be used with caution. We make no claims about them.