CRAN Package Check Results for Package jocre

Last updated on 2025-11-13 17:50:37 CET.

Flavor Version Tinstall Tcheck Ttotal Status Flags
r-devel-linux-x86_64-debian-clang 0.3.3 6.40 38.46 44.86 NOTE
r-devel-linux-x86_64-debian-gcc 0.3.3 4.45 28.69 33.14 NOTE
r-devel-linux-x86_64-fedora-clang 0.3.3 16.00 49.68 65.68 OK
r-devel-linux-x86_64-fedora-gcc 0.3.3 15.00 47.48 62.48 OK
r-devel-windows-x86_64 0.3.3 7.00 52.00 59.00 OK
r-patched-linux-x86_64 0.3.3 6.85 36.50 43.35 OK
r-release-linux-x86_64 0.3.3 6.64 36.45 43.09 OK
r-release-macos-arm64 0.3.3 3.00 20.00 23.00 OK
r-release-macos-x86_64 0.3.3 9.00 46.00 55.00 OK
r-release-windows-x86_64 0.3.3 7.00 52.00 59.00 OK
r-oldrel-macos-arm64 0.3.3 2.00 20.00 22.00 OK
r-oldrel-macos-x86_64 0.3.3 4.00 28.00 32.00 OK
r-oldrel-windows-x86_64 0.3.3 10.00 63.00 73.00 OK

Check Details

Version: 0.3.3
Check: CRAN incoming feasibility
Result: NOTE Maintainer: ‘Philip Pallmann <p.pallmann@lancaster.ac.uk>’ Package CITATION file contains call(s) to old-style personList() or as.personList(). Please use c() on person objects instead. Package CITATION file contains call(s) to old-style citEntry(). Please use bibentry() instead. Flavors: r-devel-linux-x86_64-debian-clang, r-devel-linux-x86_64-debian-gcc

These binaries (installable software) and packages are in development.
They may not be fully stable and should be used with caution. We make no claims about them.