Last updated on 2025-10-24 03:50:34 CEST.
| Flavor | Version | Tinstall | Tcheck | Ttotal | Status | Flags |
|---|---|---|---|---|---|---|
| r-devel-linux-x86_64-debian-clang | 0.3.3 | 6.91 | 38.71 | 45.62 | NOTE | |
| r-devel-linux-x86_64-debian-gcc | 0.3.3 | 4.08 | 28.16 | 32.24 | NOTE | |
| r-devel-linux-x86_64-fedora-clang | 0.3.3 | 16.00 | 55.67 | 71.67 | OK | |
| r-devel-linux-x86_64-fedora-gcc | 0.3.3 | 14.00 | 47.48 | 61.48 | OK | |
| r-devel-windows-x86_64 | 0.3.3 | 7.00 | 62.00 | 69.00 | OK | |
| r-patched-linux-x86_64 | 0.3.3 | 6.69 | 36.75 | 43.44 | OK | |
| r-release-linux-x86_64 | 0.3.3 | 6.21 | 37.10 | 43.31 | OK | |
| r-release-macos-arm64 | 0.3.3 | 3.00 | 20.00 | 23.00 | OK | |
| r-release-macos-x86_64 | 0.3.3 | 9.00 | 46.00 | 55.00 | OK | |
| r-release-windows-x86_64 | 0.3.3 | 7.00 | 54.00 | 61.00 | OK | |
| r-oldrel-macos-arm64 | 0.3.3 | 2.00 | 20.00 | 22.00 | OK | |
| r-oldrel-macos-x86_64 | 0.3.3 | 4.00 | 28.00 | 32.00 | OK | |
| r-oldrel-windows-x86_64 | 0.3.3 | 9.00 | 68.00 | 77.00 | OK |
Version: 0.3.3
Check: CRAN incoming feasibility
Result: NOTE
Maintainer: ‘Philip Pallmann <p.pallmann@lancaster.ac.uk>’
Package CITATION file contains call(s) to old-style personList() or
as.personList(). Please use c() on person objects instead.
Package CITATION file contains call(s) to old-style citEntry(). Please
use bibentry() instead.
Flavors: r-devel-linux-x86_64-debian-clang, r-devel-linux-x86_64-debian-gcc
These binaries (installable software) and packages are in development.
They may not be fully stable and should be used with caution. We make no claims about them.