CRAN Package Check Results for Package jocre

Last updated on 2025-07-22 13:49:16 CEST.

Flavor Version Tinstall Tcheck Ttotal Status Flags
r-devel-linux-x86_64-debian-clang 0.3.3 5.65 37.37 43.02 NOTE
r-devel-linux-x86_64-debian-gcc 0.3.3 4.12 27.76 31.88 NOTE
r-devel-linux-x86_64-fedora-clang 0.3.3 67.56 OK
r-devel-linux-x86_64-fedora-gcc 0.3.3 71.04 OK
r-devel-windows-x86_64 0.3.3 7.00 52.00 59.00 OK
r-patched-linux-x86_64 0.3.3 6.58 35.25 41.83 OK
r-release-linux-x86_64 0.3.3 5.17 35.23 40.40 OK
r-release-macos-arm64 0.3.3 23.00 OK
r-release-macos-x86_64 0.3.3 55.00 OK
r-release-windows-x86_64 0.3.3 7.00 56.00 63.00 OK
r-oldrel-macos-arm64 0.3.3 22.00 OK
r-oldrel-macos-x86_64 0.3.3 32.00 OK
r-oldrel-windows-x86_64 0.3.3 10.00 63.00 73.00 OK

Check Details

Version: 0.3.3
Check: CRAN incoming feasibility
Result: NOTE Maintainer: ‘Philip Pallmann <p.pallmann@lancaster.ac.uk>’ Package CITATION file contains call(s) to old-style personList() or as.personList(). Please use c() on person objects instead. Package CITATION file contains call(s) to old-style citEntry(). Please use bibentry() instead. Flavors: r-devel-linux-x86_64-debian-clang, r-devel-linux-x86_64-debian-gcc

These binaries (installable software) and packages are in development.
They may not be fully stable and should be used with caution. We make no claims about them.