CRAN Package Check Results for Package joinXL

Last updated on 2025-11-12 19:51:52 CET.

Flavor Version Tinstall Tcheck Ttotal Status Flags
r-devel-linux-x86_64-debian-clang 1.0.1 6.57 64.32 70.89 OK
r-devel-linux-x86_64-debian-gcc 1.0.1 4.60 44.94 49.54 OK
r-devel-linux-x86_64-fedora-clang 1.0.1 17.00 86.78 103.78 OK
r-devel-linux-x86_64-fedora-gcc 1.0.1 16.00 92.71 108.71 OK
r-devel-windows-x86_64 1.0.1 8.00 68.00 76.00 OK
r-patched-linux-x86_64 1.0.1 6.80 57.94 64.74 OK
r-release-linux-x86_64 1.0.1 6.82 58.56 65.38 OK
r-release-macos-arm64 1.0.1 4.00 47.00 51.00 OK
r-release-macos-x86_64 1.0.1 5.00 63.00 68.00 OK
r-release-windows-x86_64 1.0.1 8.00 69.00 77.00 OK
r-oldrel-macos-arm64 1.0.1 3.00 34.00 37.00 NOTE
r-oldrel-macos-x86_64 1.0.1 5.00 51.00 56.00 NOTE
r-oldrel-windows-x86_64 1.0.1 12.00 85.00 97.00 NOTE

Check Details

Version: 1.0.1
Check: LazyData
Result: NOTE 'LazyData' is specified without a 'data' directory Flavors: r-oldrel-macos-arm64, r-oldrel-macos-x86_64, r-oldrel-windows-x86_64

These binaries (installable software) and packages are in development.
They may not be fully stable and should be used with caution. We make no claims about them.