CRAN Package Check Results for Package joinet

Last updated on 2025-10-03 07:49:44 CEST.

Flavor Version Tinstall Tcheck Ttotal Status Flags
r-devel-linux-x86_64-debian-clang 1.0.0 2.66 60.99 63.65 OK
r-devel-linux-x86_64-debian-gcc 1.0.0 1.64 44.76 46.40 OK
r-devel-linux-x86_64-fedora-clang 1.0.0 101.05 OK
r-devel-linux-x86_64-fedora-gcc 1.0.0 110.09 OK
r-devel-windows-x86_64 1.0.0 5.00 75.00 80.00 OK
r-patched-linux-x86_64 1.0.0 2.69 56.98 59.67 OK
r-release-linux-x86_64 1.0.0 2.52 55.99 58.51 OK
r-release-macos-arm64 1.0.0 61.00 OK
r-release-macos-x86_64 1.0.0 95.00 OK
r-release-windows-x86_64 1.0.0 4.00 77.00 81.00 OK
r-oldrel-macos-arm64 1.0.0 48.00 NOTE
r-oldrel-macos-x86_64 1.0.0 80.00 NOTE
r-oldrel-windows-x86_64 1.0.0 5.00 92.00 97.00 NOTE

Check Details

Version: 1.0.0
Check: package dependencies
Result: NOTE Package suggested but not available for checking: ‘remMap’ Flavors: r-oldrel-macos-arm64, r-oldrel-macos-x86_64, r-oldrel-windows-x86_64

These binaries (installable software) and packages are in development.
They may not be fully stable and should be used with caution. We make no claims about them.