CRAN Package Check Results for Package joinet

Last updated on 2025-07-25 01:49:30 CEST.

Flavor Version Tinstall Tcheck Ttotal Status Flags
r-devel-linux-x86_64-debian-clang 1.0.0 2.59 59.79 62.38 OK
r-devel-linux-x86_64-debian-gcc 1.0.0 1.94 44.33 46.27 OK
r-devel-linux-x86_64-fedora-clang 1.0.0 96.75 OK
r-devel-linux-x86_64-fedora-gcc 1.0.0 117.91 OK
r-devel-windows-x86_64 1.0.0 5.00 81.00 86.00 OK
r-patched-linux-x86_64 1.0.0 2.96 55.58 58.54 OK
r-release-linux-x86_64 1.0.0 2.62 55.54 58.16 OK
r-release-macos-arm64 1.0.0 61.00 OK
r-release-macos-x86_64 1.0.0 95.00 OK
r-release-windows-x86_64 1.0.0 4.00 76.00 80.00 OK
r-oldrel-macos-arm64 1.0.0 48.00 NOTE
r-oldrel-macos-x86_64 1.0.0 80.00 NOTE
r-oldrel-windows-x86_64 1.0.0 5.00 89.00 94.00 NOTE

Check Details

Version: 1.0.0
Check: package dependencies
Result: NOTE Package suggested but not available for checking: ‘remMap’ Flavors: r-oldrel-macos-arm64, r-oldrel-macos-x86_64, r-oldrel-windows-x86_64

These binaries (installable software) and packages are in development.
They may not be fully stable and should be used with caution. We make no claims about them.