CRAN Package Check Results for Package joint.Cox

Last updated on 2025-07-22 19:51:51 CEST.

Flavor Version Tinstall Tcheck Ttotal Status Flags
r-devel-linux-x86_64-debian-clang 3.16 8.94 69.64 78.58 NOTE
r-devel-linux-x86_64-debian-gcc 3.16 6.35 51.22 57.57 NOTE
r-devel-linux-x86_64-fedora-clang 3.16 117.17 OK
r-devel-linux-x86_64-fedora-gcc 3.16 118.48 OK
r-devel-windows-x86_64 3.16 9.00 81.00 90.00 OK
r-patched-linux-x86_64 3.16 9.51 66.24 75.75 OK
r-release-linux-x86_64 3.16 8.75 65.16 73.91 OK
r-release-macos-arm64 3.16 39.00 OK
r-release-macos-x86_64 3.16 62.00 OK
r-release-windows-x86_64 3.16 8.00 86.00 94.00 OK
r-oldrel-macos-arm64 3.16 36.00 OK
r-oldrel-macos-x86_64 3.16 52.00 OK
r-oldrel-windows-x86_64 3.16 12.00 99.00 111.00 OK

Check Details

Version: 3.16
Check: CRAN incoming feasibility
Result: NOTE Maintainer: ‘Takeshi Emura <takeshiemura@gmail.com>’ No Authors@R field in DESCRIPTION. Please add one, modifying Authors@R: person(given = "Takeshi", family = "Emura", role = c("aut", "cre"), email = "takeshiemura@gmail.com") as necessary. Flavors: r-devel-linux-x86_64-debian-clang, r-devel-linux-x86_64-debian-gcc

These binaries (installable software) and packages are in development.
They may not be fully stable and should be used with caution. We make no claims about them.