Last updated on 2025-02-02 14:48:25 CET.
Flavor | Version | Tinstall | Tcheck | Ttotal | Status | Flags |
---|---|---|---|---|---|---|
r-devel-linux-x86_64-debian-clang | 0.1.0 | 2.11 | 20.33 | 22.44 | OK | |
r-devel-linux-x86_64-debian-gcc | 0.1.0 | 1.59 | 16.60 | 18.19 | OK | |
r-devel-linux-x86_64-fedora-clang | 0.1.0 | 36.64 | OK | |||
r-devel-linux-x86_64-fedora-gcc | 0.1.0 | 33.87 | OK | |||
r-devel-windows-x86_64 | 0.1.0 | 3.00 | 44.00 | 47.00 | OK | |
r-patched-linux-x86_64 | 0.1.0 | 2.15 | 19.91 | 22.06 | NOTE | |
r-release-linux-x86_64 | 0.1.0 | 2.02 | 19.46 | 21.48 | NOTE | |
r-release-macos-arm64 | 0.1.0 | 16.00 | NOTE | |||
r-release-macos-x86_64 | 0.1.0 | 22.00 | NOTE | |||
r-release-windows-x86_64 | 0.1.0 | 3.00 | 44.00 | 47.00 | NOTE | |
r-oldrel-macos-arm64 | 0.1.0 | 16.00 | NOTE | |||
r-oldrel-macos-x86_64 | 0.1.0 | 22.00 | NOTE | |||
r-oldrel-windows-x86_64 | 0.1.0 | 3.00 | 46.00 | 49.00 | NOTE |
Version: 0.1.0
Check: LazyData
Result: NOTE
'LazyData' is specified without a 'data' directory
Flavors: r-patched-linux-x86_64, r-release-linux-x86_64, r-release-macos-arm64, r-release-macos-x86_64, r-release-windows-x86_64, r-oldrel-macos-arm64, r-oldrel-macos-x86_64, r-oldrel-windows-x86_64
These binaries (installable software) and packages are in development.
They may not be fully stable and should be used with caution. We make no claims about them.