Last updated on 2025-10-23 17:50:51 CEST.
Flavor | Version | Tinstall | Tcheck | Ttotal | Status | Flags |
---|---|---|---|---|---|---|
r-devel-linux-x86_64-debian-clang | 1.0.3 | 7.60 | 72.44 | 80.04 | NOTE | |
r-devel-linux-x86_64-debian-gcc | 1.0.3 | 4.98 | 53.75 | 58.73 | OK | |
r-devel-linux-x86_64-fedora-clang | 1.0.3 | 33.00 | 90.25 | 123.25 | OK | |
r-devel-linux-x86_64-fedora-gcc | 1.0.3 | 19.00 | 104.37 | 123.37 | OK | |
r-devel-windows-x86_64 | 1.0.3 | 13.00 | 109.00 | 122.00 | OK | |
r-patched-linux-x86_64 | 1.0.3 | 7.86 | 68.90 | 76.76 | OK | |
r-release-linux-x86_64 | 1.0.3 | 6.68 | 69.97 | 76.65 | OK | |
r-release-macos-arm64 | 1.0.3 | 5.00 | 90.00 | 95.00 | OK | |
r-release-macos-x86_64 | 10.00 | 114.00 | 124.00 | OK | ||
r-release-windows-x86_64 | 1.0.3 | 16.00 | 107.00 | 123.00 | OK | |
r-oldrel-macos-arm64 | 1.0.3 | 7.00 | 89.00 | 96.00 | OK | |
r-oldrel-macos-x86_64 | 1.0.3 | 15.00 | 124.00 | 139.00 | OK | |
r-oldrel-windows-x86_64 | 1.0.3 | 17.00 | 125.00 | 142.00 | OK |
Version: 1.0.3
Check: HTML version of manual
Result: NOTE
Found the following HTML validation problems:
retour_sn.html:46:1 (retour_sn.Rd:10): Warning: missing </ul> before </div>
Flavor: r-devel-linux-x86_64-debian-clang
These binaries (installable software) and packages are in development.
They may not be fully stable and should be used with caution. We make no claims about them.