Last updated on 2025-05-01 14:49:13 CEST.
Flavor | Version | Tinstall | Tcheck | Ttotal | Status | Flags |
---|---|---|---|---|---|---|
r-devel-linux-x86_64-debian-clang | 2.7-6 | 75.94 | 214.98 | 290.92 | NOTE | |
r-devel-linux-x86_64-debian-gcc | 2.7-6 | 57.19 | 136.42 | 193.61 | NOTE | |
r-devel-linux-x86_64-fedora-clang | 2.7-6 | 459.27 | OK | |||
r-devel-linux-x86_64-fedora-gcc | 2.7-6 | 468.20 | OK | |||
r-devel-windows-x86_64 | 2.7-6 | 83.00 | 199.00 | 282.00 | OK | |
r-patched-linux-x86_64 | 2.7-6 | 84.34 | 202.40 | 286.74 | OK | |
r-release-linux-x86_64 | OK | |||||
r-release-macos-arm64 | 2.7-6 | 132.00 | OK | |||
r-release-macos-x86_64 | 2.7-6 | 223.00 | OK | |||
r-release-windows-x86_64 | 2.7-6 | 84.00 | 200.00 | 284.00 | OK | |
r-oldrel-macos-arm64 | 2.7-6 | 106.00 | OK | |||
r-oldrel-macos-x86_64 | 2.7-6 | 159.00 | OK | |||
r-oldrel-windows-x86_64 | 2.7-6 | 105.00 | 250.00 | 355.00 | OK |
Version: 2.7-6
Check: CRAN incoming feasibility
Result: NOTE
Maintainer: ‘Matteo Quartagno <m.quartagno@ucl.ac.uk>’
No Authors@R field in DESCRIPTION.
Please add one, modifying
Authors@R: c(person(given = "Matteo",
family = "Quartagno",
role = c("aut", "cre"),
email = "m.quartagno@ucl.ac.uk"),
person(given = "James",
family = "Carpenter",
role = "aut"))
as necessary.
Flavors: r-devel-linux-x86_64-debian-clang, r-devel-linux-x86_64-debian-gcc
Version: 2.7-6
Check: examples
Result: NOTE
Examples with CPU (user + system) or elapsed time > 5s
user system elapsed
jomo2hr 5.487 0.071 6.918
jomo2hr.MCMCchain 4.729 0.003 6.031
jomo2com 3.802 0.001 5.116
Flavor: r-devel-linux-x86_64-debian-clang
These binaries (installable software) and packages are in development.
They may not be fully stable and should be used with caution. We make no claims about them.