Last updated on 2025-05-01 22:49:45 CEST.
Flavor | Version | Tinstall | Tcheck | Ttotal | Status | Flags |
---|---|---|---|---|---|---|
r-devel-linux-x86_64-debian-clang | 1.0-6 | 16.44 | 266.37 | 282.81 | NOTE | |
r-devel-linux-x86_64-debian-gcc | 1.0-6 | 11.12 | 161.68 | 172.80 | OK | |
r-devel-linux-x86_64-fedora-clang | 1.0-6 | 487.38 | OK | |||
r-devel-linux-x86_64-fedora-gcc | 1.0-6 | 430.42 | OK | |||
r-devel-windows-x86_64 | 1.0-6 | 17.00 | 213.00 | 230.00 | OK | |
r-patched-linux-x86_64 | 1.0-6 | 14.35 | 250.38 | 264.73 | OK | |
r-release-linux-x86_64 | OK | |||||
r-release-macos-arm64 | 1.0-6 | 115.00 | OK | |||
r-release-macos-x86_64 | 1.0-6 | 276.00 | OK | |||
r-release-windows-x86_64 | 1.0-6 | 16.00 | 223.00 | 239.00 | OK | |
r-oldrel-macos-arm64 | 1.0-6 | 112.00 | OK | |||
r-oldrel-macos-x86_64 | 1.0-6 | 358.00 | OK | |||
r-oldrel-windows-x86_64 | 1.0-6 | 20.00 | 287.00 | 307.00 | OK |
Version: 1.0-6
Check: examples
Result: NOTE
Examples with CPU (user + system) or elapsed time > 5s
user system elapsed
jordan-package 6.224 0.004 7.75
Flavor: r-devel-linux-x86_64-debian-clang
These binaries (installable software) and packages are in development.
They may not be fully stable and should be used with caution. We make no claims about them.