CRAN Package Check Results for Package josaplay

Last updated on 2025-05-01 15:49:34 CEST.

Flavor Version Tinstall Tcheck Ttotal Status Flags
r-devel-linux-x86_64-debian-clang 0.1.3 1.58 17.87 19.45 OK
r-devel-linux-x86_64-debian-gcc 0.1.3 1.43 14.67 16.10 OK
r-devel-linux-x86_64-fedora-clang 0.1.3 29.52 OK
r-devel-linux-x86_64-fedora-gcc 0.1.3 27.96 OK
r-devel-windows-x86_64 0.1.3 3.00 42.00 45.00 OK
r-patched-linux-x86_64 0.1.3 1.56 16.01 17.57 OK
r-release-linux-x86_64 OK
r-release-macos-arm64 0.1.3 15.00 OK
r-release-macos-x86_64 0.1.3 22.00 OK
r-release-windows-x86_64 0.1.3 2.00 45.00 47.00 OK
r-oldrel-macos-arm64 0.1.3 15.00 NOTE
r-oldrel-macos-x86_64 0.1.3 25.00 NOTE
r-oldrel-windows-x86_64 0.1.3 4.00 38.00 42.00 NOTE

Check Details

Version: 0.1.3
Check: LazyData
Result: NOTE 'LazyData' is specified without a 'data' directory Flavors: r-oldrel-macos-arm64, r-oldrel-macos-x86_64, r-oldrel-windows-x86_64

These binaries (installable software) and packages are in development.
They may not be fully stable and should be used with caution. We make no claims about them.