Last updated on 2025-11-11 17:50:02 CET.
| Flavor | Version | Tinstall | Tcheck | Ttotal | Status | Flags |
|---|---|---|---|---|---|---|
| r-devel-linux-x86_64-debian-clang | 0.1.3 | 1.71 | 19.50 | 21.21 | OK | |
| r-devel-linux-x86_64-debian-gcc | 0.1.3 | 1.30 | 16.37 | 17.67 | OK | |
| r-devel-linux-x86_64-fedora-clang | 0.1.3 | 29.03 | OK | |||
| r-devel-linux-x86_64-fedora-gcc | 0.1.3 | 27.57 | OK | |||
| r-devel-windows-x86_64 | 0.1.3 | 2.00 | 37.00 | 39.00 | OK | |
| r-patched-linux-x86_64 | 0.1.3 | 1.66 | 17.04 | 18.70 | OK | |
| r-release-linux-x86_64 | 0.1.3 | 1.38 | 17.25 | 18.63 | OK | |
| r-release-macos-arm64 | 0.1.3 | 1.00 | 14.00 | 15.00 | OK | |
| r-release-macos-x86_64 | 0.1.3 | 2.00 | 20.00 | 22.00 | OK | |
| r-release-windows-x86_64 | 0.1.3 | 2.00 | 37.00 | 39.00 | OK | |
| r-oldrel-macos-arm64 | 0.1.3 | 1.00 | 14.00 | 15.00 | NOTE | |
| r-oldrel-macos-x86_64 | 0.1.3 | 2.00 | 23.00 | 25.00 | NOTE | |
| r-oldrel-windows-x86_64 | 0.1.3 | 5.00 | 42.00 | 47.00 | NOTE |
Version: 0.1.3
Check: LazyData
Result: NOTE
'LazyData' is specified without a 'data' directory
Flavors: r-oldrel-macos-arm64, r-oldrel-macos-x86_64, r-oldrel-windows-x86_64
These binaries (installable software) and packages are in development.
They may not be fully stable and should be used with caution. We make no claims about them.