Last updated on 2025-02-16 08:50:50 CET.
Flavor | Version | Tinstall | Tcheck | Ttotal | Status | Flags |
---|---|---|---|---|---|---|
r-devel-linux-x86_64-debian-clang | 0.2.4 | 5.81 | 121.89 | 127.70 | NOTE | |
r-devel-linux-x86_64-debian-gcc | 0.2.4 | 3.60 | 87.73 | 91.33 | NOTE | |
r-devel-linux-x86_64-fedora-clang | 0.2.4 | 213.33 | NOTE | |||
r-devel-linux-x86_64-fedora-gcc | 0.2.4 | 195.22 | NOTE | |||
r-devel-macos-arm64 | 0.2.4 | 67.00 | OK | |||
r-devel-macos-x86_64 | 0.2.4 | 149.00 | NOTE | |||
r-devel-windows-x86_64 | 0.2.4 | 7.00 | 131.00 | 138.00 | NOTE | |
r-patched-linux-x86_64 | 0.2.4 | 6.56 | 113.77 | 120.33 | OK | |
r-release-linux-x86_64 | 0.2.4 | 5.22 | 112.33 | 117.55 | OK | |
r-release-macos-arm64 | 0.2.4 | 63.00 | OK | |||
r-release-macos-x86_64 | 0.2.4 | 171.00 | OK | |||
r-release-windows-x86_64 | 0.2.4 | 6.00 | 137.00 | 143.00 | OK | |
r-oldrel-macos-arm64 | 0.2.4 | 61.00 | OK | |||
r-oldrel-macos-x86_64 | 0.2.4 | 176.00 | OK | |||
r-oldrel-windows-x86_64 | 0.2.4 | 8.00 | 151.00 | 159.00 | OK |
Version: 0.2.4
Check: DESCRIPTION meta-information
Result: NOTE
Missing dependency on R >= 4.2.0 because package code uses the pipe
placeholder syntax added in R 4.2.0.
File(s) using such syntax:
‘joyn-merge.R’
Flavors: r-devel-linux-x86_64-debian-clang, r-devel-linux-x86_64-debian-gcc, r-devel-linux-x86_64-fedora-clang, r-devel-linux-x86_64-fedora-gcc, r-devel-windows-x86_64
Version: 0.2.4
Check: DESCRIPTION meta-information
Result: NOTE
Missing dependency on R >= 4.1.0 because package code uses the pipe
|> or function shorthand \(...) syntax added in R 4.1.0.
File(s) using such syntax:
‘checks.R’ ‘dplyr-joins.R’ ‘freq_table.R’ ‘info_display.R’ ‘is_id.R’
‘joyn-merge.R’ ‘joyn_workhorse.R’ ‘merge-data.table.R’
‘possible_ids.R’ ‘update_na_vals.R’ ‘utils.R’ ‘zzz.R’
Flavor: r-devel-macos-x86_64
These binaries (installable software) and packages are in development.
They may not be fully stable and should be used with caution. We make no claims about them.