CRAN Package Check Results for Package jqbr

Last updated on 2025-05-08 04:52:08 CEST.

Flavor Version Tinstall Tcheck Ttotal Status Flags
r-devel-linux-x86_64-debian-clang 1.0.3 3.93 34.02 37.95 NOTE
r-devel-linux-x86_64-debian-gcc 1.0.3 2.98 26.72 29.70 NOTE
r-devel-linux-x86_64-fedora-clang 1.0.3 58.44 OK
r-devel-linux-x86_64-fedora-gcc 1.0.3 54.51 OK
r-devel-windows-x86_64 1.0.3 5.00 52.00 57.00 NOTE
r-patched-linux-x86_64 1.0.3 3.53 31.92 35.45 NOTE
r-release-linux-x86_64 1.0.3 3.56 31.96 35.52 NOTE
r-release-macos-arm64 1.0.3 28.00 OK
r-release-macos-x86_64 1.0.3 44.00 OK
r-release-windows-x86_64 1.0.3 5.00 54.00 59.00 NOTE
r-oldrel-macos-arm64 1.0.3 20.00 OK
r-oldrel-macos-x86_64 1.0.3 31.00 OK
r-oldrel-windows-x86_64 1.0.3 6.00 59.00 65.00 OK

Check Details

Version: 1.0.3
Check: Rd cross-references
Result: NOTE Found the following Rd file(s) with Rd \link{} targets missing package anchors: queryBuilderInput.Rd: shiny Please provide package anchors for all Rd \link{} targets not in the package itself and the base packages. Flavors: r-devel-linux-x86_64-debian-clang, r-devel-linux-x86_64-debian-gcc, r-devel-windows-x86_64, r-patched-linux-x86_64, r-release-linux-x86_64, r-release-windows-x86_64

These binaries (installable software) and packages are in development.
They may not be fully stable and should be used with caution. We make no claims about them.