Last updated on 2025-02-02 14:48:25 CET.
Flavor | Version | Tinstall | Tcheck | Ttotal | Status | Flags |
---|---|---|---|---|---|---|
r-devel-linux-x86_64-debian-clang | 1.2.1 | 79.28 | 738.51 | 817.79 | NOTE | |
r-devel-linux-x86_64-debian-gcc | 1.2.1 | 54.11 | 459.82 | 513.93 | NOTE | |
r-devel-linux-x86_64-fedora-clang | 1.2.1 | 1294.32 | OK | |||
r-devel-linux-x86_64-fedora-gcc | 1.2.1 | 1189.87 | OK | |||
r-devel-windows-x86_64 | 1.2.1 | 81.00 | 580.00 | 661.00 | NOTE | |
r-patched-linux-x86_64 | 1.2.1 | 88.38 | 577.44 | 665.82 | OK | |
r-release-linux-x86_64 | 1.2.1 | 78.01 | 573.61 | 651.62 | OK | |
r-release-macos-arm64 | 1.2.1 | 300.00 | OK | |||
r-release-macos-x86_64 | 1.2.1 | 475.00 | OK | |||
r-release-windows-x86_64 | 1.2.1 | 81.00 | 575.00 | 656.00 | OK | |
r-oldrel-macos-arm64 | 1.2.1 | 180.00 | OK | |||
r-oldrel-macos-x86_64 | 1.2.1 | 353.00 | OK | |||
r-oldrel-windows-x86_64 | 1.2.1 | 96.00 | 730.00 | 826.00 | OK |
Version: 1.2.1
Check: Rd cross-references
Result: NOTE
Found the following Rd file(s) with Rd \link{} targets missing package
anchors:
PlotSickleJrUMAP.Rd: ggplot2
Please provide package anchors for all Rd \link{} targets not in the
package itself and the base packages.
Flavors: r-devel-linux-x86_64-debian-clang, r-devel-linux-x86_64-debian-gcc, r-devel-windows-x86_64
These binaries (installable software) and packages are in development.
They may not be fully stable and should be used with caution. We make no claims about them.