Last updated on 2025-10-03 17:48:37 CEST.
Flavor | Version | Tinstall | Tcheck | Ttotal | Status | Flags |
---|---|---|---|---|---|---|
r-devel-linux-x86_64-debian-clang | 1.2.3 | 84.52 | 824.53 | 909.05 | OK | |
r-devel-linux-x86_64-debian-gcc | 1.2.3 | 55.05 | 469.58 | 524.63 | OK | |
r-devel-linux-x86_64-fedora-clang | 1.2.3 | 1304.85 | OK | |||
r-devel-linux-x86_64-fedora-gcc | 1.2.3 | 1227.49 | OK | |||
r-devel-windows-x86_64 | 1.2.3 | 89.00 | 594.00 | 683.00 | OK | |
r-patched-linux-x86_64 | 1.2.3 | 83.84 | 632.72 | 716.56 | OK | |
r-release-linux-x86_64 | 1.2.3 | 84.67 | 616.03 | 700.70 | OK | |
r-release-macos-arm64 | 1.2.3 | 241.00 | OK | |||
r-release-macos-x86_64 | 1.2.3 | 481.00 | OK | |||
r-release-windows-x86_64 | 1.2.3 | 90.00 | 585.00 | 675.00 | OK | |
r-oldrel-macos-arm64 | 1.2.3 | 246.00 | NOTE | |||
r-oldrel-macos-x86_64 | 1.2.3 | 506.00 | NOTE | |||
r-oldrel-windows-x86_64 | 1.2.3 | 119.00 | 774.00 | 893.00 | OK |
Version: 1.2.3
Check: installed package size
Result: NOTE
installed size is 5.6Mb
sub-directories of 1Mb or more:
libs 3.7Mb
Flavors: r-oldrel-macos-arm64, r-oldrel-macos-x86_64
These binaries (installable software) and packages are in development.
They may not be fully stable and should be used with caution. We make no claims about them.