Last updated on 2025-05-08 04:52:08 CEST.
Flavor | Version | Tinstall | Tcheck | Ttotal | Status | Flags |
---|---|---|---|---|---|---|
r-devel-linux-x86_64-debian-clang | 1.2.2 | 86.58 | 772.03 | 858.61 | OK | |
r-devel-linux-x86_64-debian-gcc | 1.2.2 | 58.81 | 457.22 | 516.03 | OK | |
r-devel-linux-x86_64-fedora-clang | 1.2.2 | 1290.61 | OK | |||
r-devel-linux-x86_64-fedora-gcc | 1.2.2 | 1174.78 | OK | |||
r-devel-windows-x86_64 | 1.2.2 | 87.00 | 574.00 | 661.00 | OK | |
r-patched-linux-x86_64 | 1.2.2 | 81.20 | 601.64 | 682.84 | OK | |
r-release-linux-x86_64 | 1.2.2 | 79.92 | 602.99 | 682.91 | OK | |
r-release-macos-arm64 | 1.2.2 | 331.00 | OK | |||
r-release-macos-x86_64 | 1.2.2 | 405.00 | OK | |||
r-release-windows-x86_64 | 1.2.2 | 86.00 | 569.00 | 655.00 | OK | |
r-oldrel-macos-arm64 | 1.2.2 | 229.00 | NOTE | |||
r-oldrel-macos-x86_64 | 1.2.2 | 384.00 | NOTE | |||
r-oldrel-windows-x86_64 | 1.2.2 | 91.00 | 742.00 | 833.00 | OK |
Version: 1.2.2
Check: installed package size
Result: NOTE
installed size is 5.5Mb
sub-directories of 1Mb or more:
libs 3.6Mb
Flavors: r-oldrel-macos-arm64, r-oldrel-macos-x86_64
These binaries (installable software) and packages are in development.
They may not be fully stable and should be used with caution. We make no claims about them.