Last updated on 2025-05-01 15:49:34 CEST.
Flavor | Version | Tinstall | Tcheck | Ttotal | Status | Flags |
---|---|---|---|---|---|---|
r-devel-linux-x86_64-debian-clang | 1.1.2 | 14.82 | 221.74 | 236.56 | NOTE | |
r-devel-linux-x86_64-debian-gcc | 1.1.2 | 9.54 | 153.99 | 163.53 | NOTE | |
r-devel-linux-x86_64-fedora-clang | 1.1.2 | 359.98 | NOTE | |||
r-devel-linux-x86_64-fedora-gcc | 1.1.2 | 356.80 | NOTE | |||
r-devel-windows-x86_64 | 1.1.2 | 16.00 | 206.00 | 222.00 | NOTE | |
r-patched-linux-x86_64 | 1.1.2 | 15.77 | 211.81 | 227.58 | NOTE | |
r-release-linux-x86_64 | NOTE | |||||
r-release-macos-arm64 | 1.1.2 | 108.00 | NOTE | |||
r-release-macos-x86_64 | 1.1.2 | 233.00 | NOTE | |||
r-release-windows-x86_64 | 1.1.2 | 15.00 | 217.00 | 232.00 | NOTE | |
r-oldrel-macos-arm64 | 1.1.2 | 89.00 | NOTE | |||
r-oldrel-macos-x86_64 | 1.1.2 | 191.00 | NOTE | |||
r-oldrel-windows-x86_64 | 1.1.2 | 21.00 | 264.00 | 285.00 | NOTE |
Version: 1.1.2
Check: Rd files
Result: NOTE
checkRd: (-1) jrt.Rd:45-46: Lost braces
45 | \item{Difference models (more or less constrained versions of the
| ^
checkRd: (-1) jrt.Rd:54-55: Lost braces
54 | \item{Divide-by-total models (more or less constrained versions of the
| ^
Flavors: r-devel-linux-x86_64-debian-clang, r-devel-linux-x86_64-debian-gcc, r-devel-linux-x86_64-fedora-clang, r-devel-linux-x86_64-fedora-gcc, r-devel-windows-x86_64, r-patched-linux-x86_64, r-release-linux-x86_64, r-release-macos-arm64, r-release-macos-x86_64, r-release-windows-x86_64, r-oldrel-macos-arm64, r-oldrel-macos-x86_64, r-oldrel-windows-x86_64
Version: 1.1.2
Check: examples
Result: NOTE
Examples with CPU (user + system) or elapsed time > 5s
user system elapsed
info.plot 5.345 0.152 6.785
jcc.plot 4.259 0.099 6.205
Flavor: r-devel-linux-x86_64-debian-clang
These binaries (installable software) and packages are in development.
They may not be fully stable and should be used with caution. We make no claims about them.