CRAN Package Check Results for Package jrvFinance

Last updated on 2025-10-23 17:50:51 CEST.

Flavor Version Tinstall Tcheck Ttotal Status Flags
r-devel-linux-x86_64-debian-clang 1.4.3 2.49 28.59 31.08 NOTE
r-devel-linux-x86_64-debian-gcc 1.4.3 1.90 22.93 24.83 OK
r-devel-linux-x86_64-fedora-clang 1.4.3 48.57 OK
r-devel-linux-x86_64-fedora-gcc 1.4.3 56.78 OK
r-devel-windows-x86_64 1.4.3 3.00 50.00 53.00 OK
r-patched-linux-x86_64 1.4.3 2.58 27.12 29.70 OK
r-release-linux-x86_64 1.4.3 2.44 27.43 29.87 OK
r-release-macos-arm64 1.4.3 1.00 24.00 25.00 OK
r-release-macos-x86_64 1.4.3 2.00 44.00 46.00 OK
r-release-windows-x86_64 1.4.3 4.00 51.00 55.00 OK
r-oldrel-macos-arm64 1.4.3 1.00 22.00 23.00 OK
r-oldrel-macos-x86_64 1.4.3 2.00 33.00 35.00 OK
r-oldrel-windows-x86_64 1.4.3 6.00 57.00 63.00 OK

Check Details

Version: 1.4.3
Check: HTML version of manual
Result: NOTE Found the following HTML validation problems: duration.html:88:1 (duration.Rd:38): Warning: missing </ul> before </div> edate.html:52:1 (edate.Rd:13): Warning: missing </ul> before </div> equiv.rate.html:61:1 (equiv.rate.Rd:19): Warning: missing </ul> before </div> irr.html:109:1 (irr.Rd:54): Warning: missing </ul> before </div> npv.html:81:1 (npv.Rd:34): Warning: missing </ul> before </div> Flavor: r-devel-linux-x86_64-debian-clang

These binaries (installable software) and packages are in development.
They may not be fully stable and should be used with caution. We make no claims about them.