Last updated on 2025-10-23 11:50:17 CEST.
Flavor | Version | Tinstall | Tcheck | Ttotal | Status | Flags |
---|---|---|---|---|---|---|
r-devel-linux-x86_64-debian-clang | 1.6.15 | 41.48 | 253.38 | 294.86 | NOTE | |
r-devel-linux-x86_64-debian-gcc | 1.6.15 | 26.70 | 168.48 | 195.18 | OK | |
r-devel-linux-x86_64-fedora-clang | 1.6.15 | 206.00 | 276.84 | 482.84 | OK | |
r-devel-linux-x86_64-fedora-gcc | 1.6.15 | 183.00 | 293.49 | 476.49 | OK | |
r-devel-windows-x86_64 | 1.6.15 | 42.00 | 247.00 | 289.00 | OK | |
r-patched-linux-x86_64 | 1.6.15 | 41.55 | 230.85 | 272.40 | OK | |
r-release-linux-x86_64 | 1.6.15 | 41.25 | 231.45 | 272.70 | OK | |
r-release-macos-arm64 | 1.6.15 | 15.00 | 58.00 | 73.00 | OK | |
r-release-macos-x86_64 | 1.6.15 | 34.00 | 145.00 | 179.00 | OK | |
r-release-windows-x86_64 | 1.6.15 | 40.00 | 248.00 | 288.00 | OK | |
r-oldrel-macos-arm64 | 1.6.15 | 12.00 | 64.00 | 76.00 | OK | |
r-oldrel-macos-x86_64 | 1.6.15 | 41.00 | 187.00 | 228.00 | OK | |
r-oldrel-windows-x86_64 | 1.6.15 | 43.00 | 309.00 | 352.00 | OK |
Version: 1.6.15
Check: HTML version of manual
Result: NOTE
Found the following HTML validation problems:
DataManager.html:180:1 (DataManager.Rd:103): Warning: missing </ul> before </div>
DataManager.html:133:1 (DataManager.Rd:78): Warning: <h5> anchor "Usage" already defined
DataManager.html:139:1 (DataManager.Rd:82): Warning: <h5> anchor "Returns" already defined
DataManager.html:157:1 (DataManager.Rd:92): Warning: <h5> anchor "Usage" already defined
DataManager.html:163:1 (DataManager.Rd:96): Warning: <h5> anchor "Arguments" already defined
Flavor: r-devel-linux-x86_64-debian-clang
These binaries (installable software) and packages are in development.
They may not be fully stable and should be used with caution. We make no claims about them.