Last updated on 2025-02-23 13:51:14 CET.
Flavor | Version | Tinstall | Tcheck | Ttotal | Status | Flags |
---|---|---|---|---|---|---|
r-devel-linux-x86_64-debian-clang | 2.1.1 | 25.71 | 27.75 | 53.46 | OK | |
r-devel-linux-x86_64-debian-gcc | 2.1.1 | 20.83 | 21.43 | 42.26 | OK | |
r-devel-linux-x86_64-fedora-clang | 2.1.1 | 96.89 | WARN | |||
r-devel-linux-x86_64-fedora-gcc | 2.1.1 | 97.71 | OK | |||
r-devel-macos-arm64 | 2.1.1 | 27.00 | OK | |||
r-devel-macos-x86_64 | 2.1.1 | 56.00 | OK | |||
r-devel-windows-x86_64 | 2.1.1 | 25.00 | 79.00 | 104.00 | OK | |
r-patched-linux-x86_64 | 2.1.1 | 29.71 | 26.85 | 56.56 | OK | |
r-release-linux-x86_64 | 2.1.1 | 28.69 | 26.58 | 55.27 | OK | |
r-release-macos-arm64 | 2.1.1 | 29.00 | NOTE | |||
r-release-macos-x86_64 | 2.1.1 | 50.00 | NOTE | |||
r-release-windows-x86_64 | 2.1.1 | 26.00 | 69.00 | 95.00 | OK | |
r-oldrel-macos-arm64 | 2.1.1 | 32.00 | NOTE | |||
r-oldrel-macos-x86_64 | 2.1.1 | 47.00 | NOTE | |||
r-oldrel-windows-x86_64 | 2.1.1 | 25.00 | 76.00 | 101.00 | OK |
Version: 2.1.1
Check: whether package can be installed
Result: WARN
Found the following significant warnings:
./../inst/include/nlohmann/json_cran.h:25253:35: warning: identifier '_json' preceded by whitespace in a literal operator declaration is deprecated [-Wdeprecated-literal-operator]
./../inst/include/nlohmann/json_cran.h:25272:49: warning: identifier '_json_pointer' preceded by whitespace in a literal operator declaration is deprecated [-Wdeprecated-literal-operator]
../inst/include/nlohmann/json_cran.h:25253:35: warning: identifier '_json' preceded by whitespace in a literal operator declaration is deprecated [-Wdeprecated-literal-operator]
../inst/include/nlohmann/json_cran.h:25272:49: warning: identifier '_json_pointer' preceded by whitespace in a literal operator declaration is deprecated [-Wdeprecated-literal-operator]
See ‘/data/gannet/ripley/R/packages/tests-clang/jsonStrings.Rcheck/00install.out’ for details.
* used C++ compiler: ‘clang version 20.1.0-rc2’
Flavor: r-devel-linux-x86_64-fedora-clang
Version: 2.1.1
Check: installed package size
Result: NOTE
installed size is 5.7Mb
sub-directories of 1Mb or more:
libs 4.7Mb
Flavors: r-release-macos-arm64, r-release-macos-x86_64, r-oldrel-macos-arm64, r-oldrel-macos-x86_64
These binaries (installable software) and packages are in development.
They may not be fully stable and should be used with caution. We make no claims about them.