CRAN Package Check Results for Package jsonify

Last updated on 2025-05-25 13:49:46 CEST.

Flavor Version Tinstall Tcheck Ttotal Status Flags
r-devel-linux-x86_64-debian-clang 1.2.2 37.97 31.74 69.71 NOTE
r-devel-linux-x86_64-debian-gcc 1.2.2 33.52 25.22 58.74 NOTE
r-devel-linux-x86_64-fedora-clang 1.2.2 133.45 NOTE
r-devel-linux-x86_64-fedora-gcc 1.2.2 173.56 NOTE
r-devel-windows-x86_64 1.2.2 52.00 124.00 176.00 NOTE
r-patched-linux-x86_64 1.2.2 42.98 29.55 72.53 NOTE
r-release-linux-x86_64 1.2.2 44.66 29.49 74.15 NOTE
r-release-macos-arm64 1.2.2 54.00 NOTE
r-release-macos-x86_64 1.2.2 79.00 NOTE
r-release-windows-x86_64 1.2.2 49.00 74.00 123.00 NOTE
r-oldrel-macos-arm64 1.2.2 45.00 NOTE
r-oldrel-macos-x86_64 1.2.2 72.00 NOTE
r-oldrel-windows-x86_64 1.2.2 54.00 86.00 140.00 NOTE

Check Details

Version: 1.2.2
Check: C++ specification
Result: NOTE Specified C++11: please drop specification unless essential Flavors: r-devel-linux-x86_64-debian-clang, r-devel-linux-x86_64-debian-gcc, r-devel-linux-x86_64-fedora-clang, r-devel-linux-x86_64-fedora-gcc, r-devel-windows-x86_64, r-patched-linux-x86_64, r-release-linux-x86_64, r-release-macos-arm64, r-release-macos-x86_64, r-release-windows-x86_64, r-oldrel-macos-arm64, r-oldrel-macos-x86_64, r-oldrel-windows-x86_64

Version: 1.2.2
Check: installed package size
Result: NOTE installed size is 5.3Mb sub-directories of 1Mb or more: doc 1.2Mb libs 3.9Mb Flavors: r-oldrel-macos-arm64, r-oldrel-macos-x86_64

These binaries (installable software) and packages are in development.
They may not be fully stable and should be used with caution. We make no claims about them.