CRAN Package Check Results for Package jsutils

Last updated on 2025-11-11 15:50:37 CET.

Flavor Version Tinstall Tcheck Ttotal Status Flags
r-devel-linux-x86_64-debian-clang 0.1.0 1.92 24.16 26.08 OK
r-devel-linux-x86_64-debian-gcc 0.1.0 1.55 19.68 21.23 OK
r-devel-linux-x86_64-fedora-clang 0.1.0 37.48 OK
r-devel-linux-x86_64-fedora-gcc 0.1.0 32.04 OK
r-devel-windows-x86_64 0.1.0 6.00 70.00 76.00 OK
r-release-linux-x86_64 0.1.0 1.76 22.02 23.78 OK
r-release-macos-arm64 0.1.0 1.00 17.00 18.00 OK
r-release-macos-x86_64 0.1.0 2.00 27.00 29.00 OK
r-release-windows-x86_64 0.1.0 8.00 69.00 77.00 OK
r-oldrel-macos-arm64 0.1.0 1.00 23.00 24.00 NOTE
r-oldrel-macos-x86_64 0.1.0 3.00 41.00 44.00 NOTE
r-oldrel-windows-x86_64 0.1.0 4.00 54.00 58.00 NOTE

Check Details

Version: 0.1.0
Check: installed package size
Result: NOTE installed size is 16.5Mb sub-directories of 1Mb or more: js 16.3Mb Flavors: r-oldrel-macos-arm64, r-oldrel-macos-x86_64, r-oldrel-windows-x86_64

These binaries (installable software) and packages are in development.
They may not be fully stable and should be used with caution. We make no claims about them.