Last updated on 2025-02-16 08:50:50 CET.
Flavor | Version | Tinstall | Tcheck | Ttotal | Status | Flags |
---|---|---|---|---|---|---|
r-devel-linux-x86_64-debian-clang | 0.3.3 | 7.58 | 75.67 | 83.25 | OK | |
r-devel-linux-x86_64-debian-gcc | 0.3.3 | 4.97 | 55.27 | 60.24 | OK | |
r-devel-linux-x86_64-fedora-clang | 0.3.3 | 134.98 | OK | |||
r-devel-linux-x86_64-fedora-gcc | 0.3.3 | 135.58 | OK | |||
r-devel-macos-arm64 | 0.3.3 | 50.00 | OK | |||
r-devel-macos-x86_64 | 0.3.3 | 99.00 | OK | |||
r-devel-windows-x86_64 | 0.3.3 | 10.00 | 127.00 | 137.00 | OK | |
r-patched-linux-x86_64 | 0.3.3 | 5.88 | 67.40 | 73.28 | NOTE | |
r-release-linux-x86_64 | 0.3.3 | 6.62 | 69.50 | 76.12 | NOTE | |
r-release-macos-arm64 | 0.3.3 | 49.00 | NOTE | |||
r-release-macos-x86_64 | 0.3.3 | 74.00 | NOTE | |||
r-release-windows-x86_64 | 0.3.3 | 10.00 | 134.00 | 144.00 | NOTE | |
r-oldrel-macos-arm64 | 0.3.3 | 47.00 | NOTE | |||
r-oldrel-macos-x86_64 | 0.3.3 | 83.00 | NOTE | |||
r-oldrel-windows-x86_64 | 0.3.3 | 13.00 | 154.00 | 167.00 | NOTE |
Version: 0.3.3
Check: LazyData
Result: NOTE
'LazyData' is specified without a 'data' directory
Flavors: r-patched-linux-x86_64, r-release-linux-x86_64, r-release-macos-arm64, r-release-macos-x86_64, r-release-windows-x86_64, r-oldrel-macos-arm64, r-oldrel-macos-x86_64, r-oldrel-windows-x86_64
These binaries (installable software) and packages are in development.
They may not be fully stable and should be used with caution. We make no claims about them.