Last updated on 2025-02-16 08:50:50 CET.
Flavor | Version | Tinstall | Tcheck | Ttotal | Status | Flags |
---|---|---|---|---|---|---|
r-devel-linux-x86_64-debian-clang | 0.1.1 | 4.50 | 39.04 | 43.54 | NOTE | |
r-devel-linux-x86_64-debian-gcc | 0.1.1 | 3.34 | 27.76 | 31.10 | NOTE | |
r-devel-linux-x86_64-fedora-clang | 0.1.1 | 69.39 | NOTE | |||
r-devel-linux-x86_64-fedora-gcc | 0.1.1 | 63.79 | NOTE | |||
r-devel-macos-arm64 | 0.1.1 | 26.00 | OK | |||
r-devel-macos-x86_64 | 0.1.1 | 44.00 | NOTE | |||
r-devel-windows-x86_64 | 0.1.1 | 6.00 | 56.00 | 62.00 | NOTE | |
r-patched-linux-x86_64 | 0.1.1 | 7.97 | 36.08 | 44.05 | OK | |
r-release-linux-x86_64 | 0.1.1 | 4.15 | 35.40 | 39.55 | OK | |
r-release-macos-arm64 | 0.1.1 | 24.00 | OK | |||
r-release-macos-x86_64 | 0.1.1 | 35.00 | OK | |||
r-release-windows-x86_64 | 0.1.1 | 6.00 | 58.00 | 64.00 | OK | |
r-oldrel-macos-arm64 | 0.1.1 | 33.00 | OK | |||
r-oldrel-macos-x86_64 | 0.1.1 | 42.00 | OK | |||
r-oldrel-windows-x86_64 | 0.1.1 | 8.00 | 62.00 | 70.00 | OK |
Version: 0.1.1
Check: DESCRIPTION meta-information
Result: NOTE
Missing dependency on R >= 4.1.0 because package code uses the pipe
|> or function shorthand \(...) syntax added in R 4.1.0.
File(s) using such syntax:
‘includeFlickr.R’
Flavors: r-devel-linux-x86_64-debian-clang, r-devel-linux-x86_64-debian-gcc, r-devel-linux-x86_64-fedora-clang, r-devel-linux-x86_64-fedora-gcc, r-devel-macos-x86_64, r-devel-windows-x86_64
Version: 0.1.1
Check: Rd cross-references
Result: NOTE
Found the following Rd file(s) with Rd \link{} targets missing package
anchors:
includeAudio.Rd: knitr
includeText.Rd: knitr
Please provide package anchors for all Rd \link{} targets not in the
package itself and the base packages.
Flavors: r-devel-linux-x86_64-debian-clang, r-devel-linux-x86_64-debian-gcc, r-devel-windows-x86_64
These binaries (installable software) and packages are in development.
They may not be fully stable and should be used with caution. We make no claims about them.