Last updated on 2025-11-11 15:50:37 CET.
| Flavor | Version | Tinstall | Tcheck | Ttotal | Status | Flags |
|---|---|---|---|---|---|---|
| r-devel-linux-x86_64-debian-clang | 0.1 | 8.13 | 68.36 | 76.49 | NOTE | |
| r-devel-linux-x86_64-debian-gcc | 0.1 | 5.98 | 58.00 | 63.98 | NOTE | |
| r-devel-linux-x86_64-fedora-clang | 0.1 | 45.00 | 84.84 | 129.84 | NOTE | |
| r-devel-linux-x86_64-fedora-gcc | 0.1 | 18.00 | 107.31 | 125.31 | NOTE | |
| r-devel-windows-x86_64 | 0.1 | 8.00 | 67.00 | 75.00 | NOTE | |
| r-patched-linux-x86_64 | 0.1 | 6.84 | 63.66 | 70.50 | NOTE | |
| r-release-linux-x86_64 | 0.1 | 7.89 | 62.83 | 70.72 | NOTE | |
| r-release-macos-arm64 | 0.1 | 13.00 | 73.00 | 86.00 | NOTE | |
| r-release-macos-x86_64 | 0.1 | 15.00 | 75.00 | 90.00 | NOTE | |
| r-release-windows-x86_64 | 0.1 | 9.00 | 66.00 | 75.00 | NOTE | |
| r-oldrel-macos-arm64 | 0.1 | 9.00 | 49.00 | 58.00 | NOTE | |
| r-oldrel-macos-x86_64 | 0.1 | 11.00 | 67.00 | 78.00 | NOTE | |
| r-oldrel-windows-x86_64 | 0.1 | 10.00 | 81.00 | 91.00 | NOTE |
Version: 0.1
Check: package subdirectories
Result: NOTE
Problems with news in ‘NEWS.md’:
Cannot extract version info from the following section titles:
pre-release juicr (2017 - 2021)
Flavors: r-devel-linux-x86_64-debian-clang, r-devel-linux-x86_64-debian-gcc, r-devel-linux-x86_64-fedora-clang, r-devel-linux-x86_64-fedora-gcc, r-devel-windows-x86_64, r-patched-linux-x86_64, r-release-linux-x86_64, r-release-macos-arm64, r-release-macos-x86_64, r-release-windows-x86_64, r-oldrel-macos-arm64, r-oldrel-macos-x86_64, r-oldrel-windows-x86_64
These binaries (installable software) and packages are in development.
They may not be fully stable and should be used with caution. We make no claims about them.