Last updated on 2024-07-27 15:50:21 CEST.
Flavor | Version | Tinstall | Tcheck | Ttotal | Status | Flags |
---|---|---|---|---|---|---|
r-devel-linux-x86_64-debian-clang | 0.2.6 | 5.42 | 87.30 | 92.72 | OK | |
r-devel-linux-x86_64-debian-gcc | 0.2.6 | OK | ||||
r-devel-linux-x86_64-fedora-clang | 0.2.6 | 120.77 | NOTE | |||
r-devel-linux-x86_64-fedora-gcc | 0.2.6 | 123.19 | OK | |||
r-devel-windows-x86_64 | 0.2.6 | 7.00 | 87.00 | 94.00 | OK | |
r-patched-linux-x86_64 | 0.2.6 | OK | ||||
r-release-linux-x86_64 | 0.2.6 | 3.81 | 84.98 | 88.79 | OK | |
r-release-macos-arm64 | 0.2.6 | 44.00 | OK | |||
r-release-macos-x86_64 | 0.2.6 | 89.00 | OK | |||
r-release-windows-x86_64 | 0.2.6 | 7.00 | 86.00 | 93.00 | OK | |
r-oldrel-macos-arm64 | 0.2.6 | 44.00 | OK | |||
r-oldrel-macos-x86_64 | 0.2.6 | 82.00 | OK | |||
r-oldrel-windows-x86_64 | 0.2.6 | 8.00 | 98.00 | 106.00 | OK |
Version: 0.2.6
Check: Rd cross-references
Result: NOTE
Undeclared package ‘ggplot2’ in Rd xrefs
Flavor: r-devel-linux-x86_64-fedora-clang
These binaries (installable software) and packages are in development.
They may not be fully stable and should be used with caution. We make no claims about them.