Last updated on 2025-02-16 08:50:50 CET.
Flavor | Version | Tinstall | Tcheck | Ttotal | Status | Flags |
---|---|---|---|---|---|---|
r-devel-linux-x86_64-debian-clang | 1.2.0 | 7.87 | 274.08 | 281.95 | NOTE | |
r-devel-linux-x86_64-debian-gcc | 1.2.0 | 6.61 | 184.67 | 191.28 | NOTE | |
r-devel-linux-x86_64-fedora-clang | 1.2.0 | 456.21 | NOTE | |||
r-devel-linux-x86_64-fedora-gcc | 1.2.0 | 481.59 | NOTE | |||
r-devel-macos-arm64 | 1.2.0 | 150.00 | OK | |||
r-devel-macos-x86_64 | 1.2.0 | 347.00 | NOTE | |||
r-devel-windows-x86_64 | 1.2.0 | 11.00 | 329.00 | 340.00 | NOTE | |
r-patched-linux-x86_64 | 1.2.0 | 13.14 | 262.05 | 275.19 | OK | |
r-release-linux-x86_64 | 1.2.0 | 9.43 | 273.50 | 282.93 | OK | |
r-release-macos-arm64 | 1.2.0 | 170.00 | OK | |||
r-release-macos-x86_64 | 1.2.0 | 308.00 | OK | |||
r-release-windows-x86_64 | 1.2.0 | 12.00 | 320.00 | 332.00 | OK | |
r-oldrel-macos-arm64 | 1.2.0 | 152.00 | OK | |||
r-oldrel-macos-x86_64 | 1.2.0 | 426.00 | OK | |||
r-oldrel-windows-x86_64 | 1.2.0 | 14.00 | 365.00 | 379.00 | OK |
Version: 1.2.0
Check: DESCRIPTION meta-information
Result: NOTE
Missing dependency on R >= 4.1.0 because package code uses the pipe
|> or function shorthand \(...) syntax added in R 4.1.0.
File(s) using such syntax:
‘array_ops.R’ ‘kernel_gamma.R’ ‘kernel_multinormal.R’
‘kernel_multnom.R’ ‘kernel_normal.R’ ‘kernels.R’ ‘main.R’
‘plot_helper.R’ ‘structure_helper.R’
Flavors: r-devel-linux-x86_64-debian-clang, r-devel-linux-x86_64-debian-gcc, r-devel-linux-x86_64-fedora-clang, r-devel-linux-x86_64-fedora-gcc, r-devel-macos-x86_64, r-devel-windows-x86_64
Version: 1.2.0
Check: Rd cross-references
Result: NOTE
Found the following Rd file(s) with Rd \link{} targets missing package
anchors:
fit_model.Rd: Dirichlet
Please provide package anchors for all Rd \link{} targets not in the
package itself and the base packages.
Flavors: r-devel-linux-x86_64-debian-clang, r-devel-linux-x86_64-debian-gcc, r-devel-windows-x86_64
These binaries (installable software) and packages are in development.
They may not be fully stable and should be used with caution. We make no claims about them.