CRAN Package Check Results for Package kader

Last updated on 2025-10-24 01:50:29 CEST.

Flavor Version Tinstall Tcheck Ttotal Status Flags
r-devel-linux-x86_64-debian-clang 0.0.8 2.02 34.71 36.73 NOTE
r-devel-linux-x86_64-debian-gcc 0.0.8 1.94 26.91 28.85 NOTE
r-devel-linux-x86_64-fedora-clang 0.0.8 12.00 45.31 57.31 OK
r-devel-linux-x86_64-fedora-gcc 0.0.8 52.61 OK
r-devel-windows-x86_64 0.0.8 4.00 69.00 73.00 OK
r-patched-linux-x86_64 0.0.8 2.92 32.00 34.92 OK
r-release-linux-x86_64 0.0.8 2.00 31.88 33.88 OK
r-release-macos-arm64 0.0.8 1.00 20.00 21.00 OK
r-release-macos-x86_64 0.0.8 2.00 36.00 38.00 OK
r-release-windows-x86_64 0.0.8 3.00 70.00 73.00 OK
r-oldrel-macos-arm64 0.0.8 1.00 19.00 20.00 NOTE
r-oldrel-macos-x86_64 0.0.8 2.00 40.00 42.00 NOTE
r-oldrel-windows-x86_64 0.0.8 3.00 77.00 80.00 NOTE

Check Details

Version: 0.0.8
Check: CRAN incoming feasibility
Result: NOTE Maintainer: ‘Gerrit Eichner <gerrit.eichner@math.uni-giessen.de>’ Found the following URLs which should use \doi (with the DOI name only): File ‘kader.Rd’: http://dx.doi.org/10.1016/j.spl.2011.01.013 http://dx.doi.org/10.1016/j.jspi.2012.03.011 http://dx.doi.org/10.1080/10485252.2012.760737 Flavors: r-devel-linux-x86_64-debian-clang, r-devel-linux-x86_64-debian-gcc

Version: 0.0.8
Check: Rd files
Result: NOTE checkRd: (-1) fnhat_ES2013.Rd:31-45: Only 2 columns allowed in this table (row 8 has 1) checkRd: (-1) fnhat_SS2011.Rd:31-45: Only 2 columns allowed in this table (row 8 has 1) Flavor: r-devel-linux-x86_64-debian-gcc

Version: 0.0.8
Check: LazyData
Result: NOTE 'LazyData' is specified without a 'data' directory Flavors: r-oldrel-macos-arm64, r-oldrel-macos-x86_64, r-oldrel-windows-x86_64

These binaries (installable software) and packages are in development.
They may not be fully stable and should be used with caution. We make no claims about them.