CRAN Package Check Results for Package kanjistat

Last updated on 2025-10-23 11:50:17 CEST.

Flavor Version Tinstall Tcheck Ttotal Status Flags
r-devel-linux-x86_64-debian-clang 0.14.2 24.36 114.28 138.64 OK
r-devel-linux-x86_64-debian-gcc 0.14.2 18.65 79.96 98.61 OK
r-devel-linux-x86_64-fedora-clang 0.14.2 142.00 98.65 240.65 OK
r-devel-linux-x86_64-fedora-gcc 0.14.2 61.00 159.12 220.12 OK
r-devel-windows-x86_64 0.14.2 32.00 140.00 172.00 OK
r-patched-linux-x86_64 0.14.2 25.24 107.97 133.21 OK
r-release-linux-x86_64 0.14.2 24.75 109.61 134.36 OK
r-release-macos-arm64 0.14.2 11.00 53.00 64.00 OK
r-release-macos-x86_64 0.14.2 25.00 134.00 159.00 OK
r-release-windows-x86_64 0.14.2 32.00 136.00 168.00 OK
r-oldrel-macos-arm64 0.14.2 13.00 60.00 73.00 NOTE
r-oldrel-macos-x86_64 0.14.2 19.00 124.00 143.00 NOTE
r-oldrel-windows-x86_64 0.14.2 40.00 183.00 223.00 NOTE

Check Details

Version: 0.14.2
Check: package dependencies
Result: NOTE Package suggested but not available for checking: ‘kanjistat.data’ Flavors: r-oldrel-macos-arm64, r-oldrel-macos-x86_64, r-oldrel-windows-x86_64

These binaries (installable software) and packages are in development.
They may not be fully stable and should be used with caution. We make no claims about them.