CRAN Package Check Results for Package kaos

Last updated on 2025-07-26 07:50:25 CEST.

Flavor Version Tinstall Tcheck Ttotal Status Flags
r-devel-linux-x86_64-debian-clang 0.1.2 5.24 46.78 52.02 NOTE
r-devel-linux-x86_64-debian-gcc 0.1.2 3.93 34.34 38.27 NOTE
r-devel-linux-x86_64-fedora-clang 0.1.2 79.48 OK
r-devel-linux-x86_64-fedora-gcc 0.1.2 81.70 OK
r-devel-windows-x86_64 0.1.2 7.00 66.00 73.00 OK
r-patched-linux-x86_64 0.1.2 5.02 44.20 49.22 OK
r-release-linux-x86_64 0.1.2 3.83 43.82 47.65 OK
r-release-macos-arm64 0.1.2 27.00 OK
r-release-macos-x86_64 0.1.2 44.00 OK
r-release-windows-x86_64 0.1.2 7.00 61.00 68.00 OK
r-oldrel-macos-arm64 0.1.2 25.00 OK
r-oldrel-macos-x86_64 0.1.2 36.00 OK
r-oldrel-windows-x86_64 0.1.2 8.00 74.00 82.00 OK

Check Details

Version: 0.1.2
Check: CRAN incoming feasibility
Result: NOTE Maintainer: ‘Hannah Franziska Löchel <loechelh@mathematik.uni-marburg.de>’ No Authors@R field in DESCRIPTION. Please add one, modifying Authors@R: c(person(given = "Dominik", family = "Eger", role = "aut"), person(given = c("Hannah", "Franziska"), family = "Löchel", role = c("aut", "cre"), email = "loechelh@mathematik.uni-marburg.de")) as necessary. Flavors: r-devel-linux-x86_64-debian-clang, r-devel-linux-x86_64-debian-gcc

These binaries (installable software) and packages are in development.
They may not be fully stable and should be used with caution. We make no claims about them.