Last updated on 2025-07-01 11:49:21 CEST.
Flavor | Version | Tinstall | Tcheck | Ttotal | Status | Flags |
---|---|---|---|---|---|---|
r-devel-linux-x86_64-debian-clang | 0.3 | 2.17 | 18.92 | 21.09 | NOTE | |
r-devel-linux-x86_64-debian-gcc | 0.3 | 1.63 | 15.62 | 17.25 | NOTE | |
r-devel-linux-x86_64-fedora-clang | 0.3 | 31.52 | OK | |||
r-devel-linux-x86_64-fedora-gcc | 0.3 | 30.24 | OK | |||
r-devel-windows-x86_64 | 0.3 | 4.00 | 41.00 | 45.00 | OK | |
r-patched-linux-x86_64 | OK | |||||
r-release-linux-x86_64 | 0.3 | 2.07 | 17.51 | 19.58 | OK | |
r-release-macos-arm64 | 0.3 | 16.00 | OK | |||
r-release-macos-x86_64 | 0.3 | 23.00 | OK | |||
r-release-windows-x86_64 | 0.3 | 4.00 | 42.00 | 46.00 | OK | |
r-oldrel-macos-arm64 | 0.3 | 14.00 | NOTE | |||
r-oldrel-macos-x86_64 | 0.3 | 25.00 | NOTE | |||
r-oldrel-windows-x86_64 | 0.3 | 3.00 | 38.00 | 41.00 | NOTE |
Version: 0.3
Check: CRAN incoming feasibility
Result: NOTE
Maintainer: ‘Muammer Albayrak <m.albayrak@ktu.edu.tr>’
No Authors@R field in DESCRIPTION.
Please add one, modifying
Authors@R: person(given = "Muammer",
family = "Albayrak",
role = c("aut", "cre"),
email = "m.albayrak@ktu.edu.tr")
as necessary.
Flavors: r-devel-linux-x86_64-debian-clang, r-devel-linux-x86_64-debian-gcc
Version: 0.3
Check: LazyData
Result: NOTE
'LazyData' is specified without a 'data' directory
Flavors: r-oldrel-macos-arm64, r-oldrel-macos-x86_64, r-oldrel-windows-x86_64
These binaries (installable software) and packages are in development.
They may not be fully stable and should be used with caution. We make no claims about them.