Last updated on 2025-11-11 15:50:37 CET.
| Flavor | Version | Tinstall | Tcheck | Ttotal | Status | Flags |
|---|---|---|---|---|---|---|
| r-devel-linux-x86_64-debian-clang | 0.4.0 | 5.02 | 56.48 | 61.50 | NOTE | |
| r-devel-linux-x86_64-debian-gcc | 0.4.0 | 3.36 | 37.66 | 41.02 | NOTE | |
| r-devel-linux-x86_64-fedora-clang | 0.4.0 | 30.00 | 65.63 | 95.63 | NOTE | |
| r-devel-linux-x86_64-fedora-gcc | 0.4.0 | 83.00 | NOTE | |||
| r-devel-windows-x86_64 | 0.4.0 | 6.00 | 66.00 | 72.00 | NOTE | |
| r-patched-linux-x86_64 | 0.4.0 | 5.24 | 50.31 | 55.55 | NOTE | |
| r-release-linux-x86_64 | 0.4.0 | 4.82 | 50.89 | 55.71 | NOTE | |
| r-release-macos-arm64 | 0.4.0 | 2.00 | 26.00 | 28.00 | NOTE | |
| r-release-macos-x86_64 | 0.4.0 | 5.00 | 48.00 | 53.00 | NOTE | |
| r-release-windows-x86_64 | 0.4.0 | 9.00 | 66.00 | 75.00 | NOTE | |
| r-oldrel-macos-arm64 | 0.4.0 | 2.00 | 29.00 | 31.00 | OK | |
| r-oldrel-macos-x86_64 | 0.4.0 | 4.00 | 52.00 | 56.00 | OK | |
| r-oldrel-windows-x86_64 | 0.4.0 | 8.00 | 82.00 | 90.00 | OK |
Version: 0.4.0
Check: DESCRIPTION meta-information
Result: NOTE
Missing dependency on R >= 4.1.0 because package code uses the pipe
|> or function shorthand \(...) syntax added in R 4.1.0.
File(s) using such syntax:
‘kappa_inference.R’
Flavors: r-devel-linux-x86_64-debian-clang, r-devel-linux-x86_64-debian-gcc, r-devel-linux-x86_64-fedora-clang, r-devel-linux-x86_64-fedora-gcc, r-devel-windows-x86_64, r-patched-linux-x86_64, r-release-linux-x86_64, r-release-macos-arm64, r-release-macos-x86_64, r-release-windows-x86_64
These binaries (installable software) and packages are in development.
They may not be fully stable and should be used with caution. We make no claims about them.