Last updated on 2025-07-01 11:49:21 CEST.
Flavor | Version | Tinstall | Tcheck | Ttotal | Status | Flags |
---|---|---|---|---|---|---|
r-devel-linux-x86_64-debian-clang | 1.2 | 18.15 | 54.68 | 72.83 | NOTE | |
r-devel-linux-x86_64-debian-gcc | 1.2 | 9.84 | 35.18 | 45.02 | NOTE | |
r-devel-linux-x86_64-fedora-clang | 1.2 | 107.61 | OK | |||
r-devel-linux-x86_64-fedora-gcc | 1.2 | 104.53 | OK | |||
r-devel-windows-x86_64 | 1.2 | 14.00 | 59.00 | 73.00 | OK | |
r-patched-linux-x86_64 | OK | |||||
r-release-linux-x86_64 | 1.2 | 18.14 | 50.53 | 68.67 | OK | |
r-release-macos-arm64 | 1.2 | 27.00 | OK | |||
r-release-macos-x86_64 | 1.2 | 55.00 | OK | |||
r-release-windows-x86_64 | 1.2 | 16.00 | 61.00 | 77.00 | OK | |
r-oldrel-macos-arm64 | 1.2 | 26.00 | OK | |||
r-oldrel-macos-x86_64 | 1.2 | 49.00 | OK | |||
r-oldrel-windows-x86_64 | 1.2 | 16.00 | 57.00 | 73.00 | OK |
Version: 1.2
Check: CRAN incoming feasibility
Result: NOTE
Maintainer: ‘Michael A Rotondi <mrotondi@yorku.ca>’
No Authors@R field in DESCRIPTION.
Please add one, modifying
Authors@R: person(given = c("Michael", "A"),
family = "Rotondi",
role = c("aut", "cre"),
email = "mrotondi@yorku.ca")
as necessary.
Flavors: r-devel-linux-x86_64-debian-clang, r-devel-linux-x86_64-debian-gcc
These binaries (installable software) and packages are in development.
They may not be fully stable and should be used with caution. We make no claims about them.