Last updated on 2025-11-12 19:51:52 CET.
| Flavor | Version | Tinstall | Tcheck | Ttotal | Status | Flags |
|---|---|---|---|---|---|---|
| r-devel-linux-x86_64-debian-clang | 1.0.2 | 39.16 | 348.20 | 387.36 | OK | |
| r-devel-linux-x86_64-debian-gcc | 1.0.2 | 27.97 | 244.37 | 272.34 | OK | |
| r-devel-linux-x86_64-fedora-clang | 1.0.2 | 68.00 | 551.85 | 619.85 | NOTE | |
| r-devel-linux-x86_64-fedora-gcc | 1.0.2 | 83.00 | 466.43 | 549.43 | NOTE | |
| r-devel-windows-x86_64 | 1.0.2 | 37.00 | 293.00 | 330.00 | OK | |
| r-patched-linux-x86_64 | 1.0.2 | 35.01 | 327.25 | 362.26 | OK | |
| r-release-linux-x86_64 | 1.0.2 | 36.02 | 325.87 | 361.89 | OK | |
| r-release-macos-arm64 | 1.0.2 | 18.00 | 134.00 | 152.00 | OK | |
| r-release-macos-x86_64 | 1.0.2 | 43.00 | 296.00 | 339.00 | OK | |
| r-release-windows-x86_64 | 1.0.2 | 36.00 | 297.00 | 333.00 | OK | |
| r-oldrel-macos-arm64 | 1.0.2 | 18.00 | 138.00 | 156.00 | OK | |
| r-oldrel-macos-x86_64 | 1.0.2 | 52.00 | 339.00 | 391.00 | OK | |
| r-oldrel-windows-x86_64 | 1.0.2 | 49.00 | 390.00 | 439.00 | OK |
Version: 1.0.2
Check: dependencies in R code
Result: NOTE
Namespace in Imports field not imported from: ‘GenomeInfoDb’
All declared Imports should be used.
Flavors: r-devel-linux-x86_64-fedora-clang, r-devel-linux-x86_64-fedora-gcc
These binaries (installable software) and packages are in development.
They may not be fully stable and should be used with caution. We make no claims about them.