Last updated on 2025-07-02 05:50:18 CEST.
Flavor | Version | Tinstall | Tcheck | Ttotal | Status | Flags |
---|---|---|---|---|---|---|
r-devel-linux-x86_64-debian-clang | 1.0.1 | 37.84 | 333.67 | 371.51 | NOTE | |
r-devel-linux-x86_64-debian-gcc | 1.0.1 | 24.57 | 232.08 | 256.65 | NOTE | |
r-devel-linux-x86_64-fedora-clang | 1.0.1 | 593.02 | NOTE | |||
r-devel-linux-x86_64-fedora-gcc | 1.0.1 | 589.39 | NOTE | |||
r-devel-windows-x86_64 | 1.0.1 | 34.00 | 296.00 | 330.00 | NOTE | |
r-patched-linux-x86_64 | NOTE | |||||
r-release-linux-x86_64 | 1.0.1 | 36.20 | 317.38 | 353.58 | NOTE | |
r-release-macos-arm64 | 1.0.1 | 141.00 | NOTE | |||
r-release-macos-x86_64 | 1.0.1 | 316.00 | NOTE | |||
r-release-windows-x86_64 | 1.0.1 | 36.00 | 290.00 | 326.00 | NOTE | |
r-oldrel-macos-arm64 | 1.0.1 | 146.00 | OK | |||
r-oldrel-macos-x86_64 | 1.0.1 | 245.00 | OK | |||
r-oldrel-windows-x86_64 | 1.0.1 | 50.00 | 381.00 | 431.00 | OK |
Version: 1.0.1
Check: DESCRIPTION meta-information
Result: NOTE
Missing dependency on R >= 4.1.0 because package code uses the pipe
|> or function shorthand \(...) syntax added in R 4.1.0.
File(s) using such syntax:
‘GaussianMixtureCalls.R’
Flavors: r-devel-linux-x86_64-debian-clang, r-devel-linux-x86_64-debian-gcc, r-devel-linux-x86_64-fedora-clang, r-devel-linux-x86_64-fedora-gcc, r-devel-windows-x86_64, r-patched-linux-x86_64, r-release-linux-x86_64, r-release-macos-arm64, r-release-macos-x86_64, r-release-windows-x86_64
These binaries (installable software) and packages are in development.
They may not be fully stable and should be used with caution. We make no claims about them.