Last updated on 2025-02-19 16:50:51 CET.
Flavor | Version | Tinstall | Tcheck | Ttotal | Status | Flags |
---|---|---|---|---|---|---|
r-devel-linux-x86_64-debian-clang | 1.0.1 | 36.70 | 331.57 | 368.27 | NOTE | |
r-devel-linux-x86_64-debian-gcc | 1.0.1 | 26.78 | 224.59 | 251.37 | NOTE | |
r-devel-linux-x86_64-fedora-clang | 1.0.1 | 590.35 | NOTE | |||
r-devel-linux-x86_64-fedora-gcc | 1.0.1 | 566.38 | NOTE | |||
r-devel-macos-arm64 | 1.0.1 | 143.00 | OK | |||
r-devel-macos-x86_64 | 1.0.1 | 316.00 | NOTE | |||
r-devel-windows-x86_64 | 1.0.1 | 35.00 | 285.00 | 320.00 | NOTE | |
r-patched-linux-x86_64 | 1.0.1 | 31.13 | 292.88 | 324.01 | OK | |
r-release-linux-x86_64 | 1.0.1 | 33.80 | 296.13 | 329.93 | OK | |
r-release-macos-arm64 | 1.0.1 | 146.00 | OK | |||
r-release-macos-x86_64 | 1.0.1 | 245.00 | OK | |||
r-release-windows-x86_64 | 1.0.1 | 34.00 | 284.00 | 318.00 | OK | |
r-oldrel-macos-arm64 | 1.0.1 | 153.00 | OK | |||
r-oldrel-macos-x86_64 | 1.0.1 | 428.00 | OK | |||
r-oldrel-windows-x86_64 | 1.0.1 | 45.00 | 367.00 | 412.00 | OK |
Version: 1.0.1
Check: DESCRIPTION meta-information
Result: NOTE
Missing dependency on R >= 4.1.0 because package code uses the pipe
|> or function shorthand \(...) syntax added in R 4.1.0.
File(s) using such syntax:
‘GaussianMixtureCalls.R’
Flavors: r-devel-linux-x86_64-debian-clang, r-devel-linux-x86_64-debian-gcc, r-devel-linux-x86_64-fedora-clang, r-devel-linux-x86_64-fedora-gcc, r-devel-macos-x86_64, r-devel-windows-x86_64
These binaries (installable software) and packages are in development.
They may not be fully stable and should be used with caution. We make no claims about them.