Last updated on 2025-07-22 13:49:16 CEST.
Flavor | Version | Tinstall | Tcheck | Ttotal | Status | Flags |
---|---|---|---|---|---|---|
r-devel-linux-x86_64-debian-clang | 1.1.1 | 10.55 | 38.93 | 49.48 | NOTE | |
r-devel-linux-x86_64-debian-gcc | 1.1.1 | 8.95 | 29.98 | 38.93 | NOTE | |
r-devel-linux-x86_64-fedora-clang | 1.1.1 | 79.72 | OK | |||
r-devel-linux-x86_64-fedora-gcc | 1.1.1 | 82.88 | OK | |||
r-devel-windows-x86_64 | 1.1.1 | 17.00 | 105.00 | 122.00 | OK | |
r-patched-linux-x86_64 | 1.1.1 | 11.34 | 36.66 | 48.00 | OK | |
r-release-linux-x86_64 | 1.1.1 | 12.20 | 36.37 | 48.57 | OK | |
r-release-macos-arm64 | 1.1.1 | 54.00 | OK | |||
r-release-macos-x86_64 | 1.1.1 | 113.00 | OK | |||
r-release-windows-x86_64 | 1.1.1 | 16.00 | 106.00 | 122.00 | OK | |
r-oldrel-macos-arm64 | 1.1.1 | 50.00 | OK | |||
r-oldrel-macos-x86_64 | 1.1.1 | 62.00 | OK | |||
r-oldrel-windows-x86_64 | 1.1.1 | 20.00 | 134.00 | 154.00 | OK |
Version: 1.1.1
Check: CRAN incoming feasibility
Result: NOTE
Maintainer: ‘Kristof Meers <kristof.meers+cran@kuleuven.be>’
The Description field contains
detection proposed by Arlot et al. (2012) <arXiv:1202.3878> is then
Please refer to arXiv e-prints via their arXiv DOI <doi:10.48550/arXiv.YYMM.NNNNN>.
Flavors: r-devel-linux-x86_64-debian-clang, r-devel-linux-x86_64-debian-gcc
These binaries (installable software) and packages are in development.
They may not be fully stable and should be used with caution. We make no claims about them.