Last updated on 2025-02-16 08:50:50 CET.
Flavor | Version | Tinstall | Tcheck | Ttotal | Status | Flags |
---|---|---|---|---|---|---|
r-devel-linux-x86_64-debian-clang | 0.4.5 | 14.36 | 47.29 | 61.65 | NOTE | |
r-devel-linux-x86_64-debian-gcc | 0.4.5 | 11.98 | 33.27 | 45.25 | NOTE | |
r-devel-linux-x86_64-fedora-clang | 0.4.5 | 101.72 | OK | |||
r-devel-linux-x86_64-fedora-gcc | 0.4.5 | 100.17 | OK | |||
r-devel-macos-arm64 | 0.4.5 | 33.00 | OK | |||
r-devel-macos-x86_64 | 0.4.5 | 60.00 | OK | |||
r-devel-windows-x86_64 | 0.4.5 | 18.00 | 89.00 | 107.00 | NOTE | |
r-patched-linux-x86_64 | 0.4.5 | 19.50 | 42.46 | 61.96 | OK | |
r-release-linux-x86_64 | 0.4.5 | 14.82 | 43.06 | 57.88 | OK | |
r-release-macos-arm64 | 0.4.5 | 34.00 | OK | |||
r-release-macos-x86_64 | 0.4.5 | 66.00 | OK | |||
r-release-windows-x86_64 | 0.4.5 | 17.00 | 77.00 | 94.00 | OK | |
r-oldrel-macos-arm64 | 0.4.5 | 38.00 | OK | |||
r-oldrel-macos-x86_64 | 0.4.5 | 64.00 | OK | |||
r-oldrel-windows-x86_64 | 0.4.5 | 23.00 | 94.00 | 117.00 | OK |
Version: 0.4.5
Check: Rd cross-references
Result: NOTE
Found the following Rd file(s) with Rd \link{} targets missing package
anchors:
contour.kdevinecop.Rd: contour.kdecopula
kdevinecop.Rd: kdecopula
Please provide package anchors for all Rd \link{} targets not in the
package itself and the base packages.
Flavors: r-devel-linux-x86_64-debian-clang, r-devel-linux-x86_64-debian-gcc, r-devel-windows-x86_64
These binaries (installable software) and packages are in development.
They may not be fully stable and should be used with caution. We make no claims about them.