Last updated on 2025-11-11 15:50:37 CET.
| Flavor | Version | Tinstall | Tcheck | Ttotal | Status | Flags |
|---|---|---|---|---|---|---|
| r-devel-linux-x86_64-debian-clang | 0.9.4 | 6.58 | 151.64 | 158.22 | NOTE | |
| r-devel-linux-x86_64-debian-gcc | 0.9.4 | 5.06 | 94.10 | 99.16 | NOTE | |
| r-devel-linux-x86_64-fedora-clang | 0.9.4 | 33.00 | 235.36 | 268.36 | OK | |
| r-devel-linux-x86_64-fedora-gcc | 0.9.4 | 12.00 | 218.36 | 230.36 | OK | |
| r-devel-windows-x86_64 | 0.9.4 | 10.00 | 139.00 | 149.00 | OK | |
| r-patched-linux-x86_64 | 0.9.4 | 7.09 | 140.22 | 147.31 | OK | |
| r-release-linux-x86_64 | 0.9.4 | 6.15 | 141.29 | 147.44 | OK | |
| r-release-macos-arm64 | 0.9.4 | 3.00 | 81.00 | 84.00 | OK | |
| r-release-macos-x86_64 | 0.9.4 | 4.00 | 112.00 | 116.00 | OK | |
| r-release-windows-x86_64 | 0.9.4 | 9.00 | 141.00 | 150.00 | OK | |
| r-oldrel-macos-arm64 | 0.9.4 | 2.00 | 54.00 | 56.00 | NOTE | |
| r-oldrel-macos-x86_64 | 0.9.4 | 4.00 | 91.00 | 95.00 | NOTE | |
| r-oldrel-windows-x86_64 | 0.9.4 | 14.00 | 193.00 | 207.00 | NOTE |
Version: 0.9.4
Check: CRAN incoming feasibility
Result: NOTE
Maintainer: ‘Mateusz Staniak <mateusz.staniak@math.uni.wroc.pl>’
The Description field contains
Jasiulis-Gołdyn (2014) <arXiv:1412.0220>.
Please refer to arXiv e-prints via their arXiv DOI <doi:10.48550/arXiv.YYMM.NNNNN>.
Flavors: r-devel-linux-x86_64-debian-clang, r-devel-linux-x86_64-debian-gcc
Version: 0.9.4
Check: LazyData
Result: NOTE
'LazyData' is specified without a 'data' directory
Flavors: r-oldrel-macos-arm64, r-oldrel-macos-x86_64, r-oldrel-windows-x86_64
These binaries (installable software) and packages are in development.
They may not be fully stable and should be used with caution. We make no claims about them.