Last updated on 2025-05-03 22:49:58 CEST.
Flavor | Version | Tinstall | Tcheck | Ttotal | Status | Flags |
---|---|---|---|---|---|---|
r-devel-linux-x86_64-debian-clang | 1.6.4 | 32.75 | 173.19 | 205.94 | NOTE | |
r-devel-linux-x86_64-debian-gcc | 1.6.4 | 20.58 | 119.28 | 139.86 | NOTE | |
r-devel-linux-x86_64-fedora-clang | 1.6.4 | 350.34 | OK | |||
r-devel-linux-x86_64-fedora-gcc | 1.6.4 | 326.29 | OK | |||
r-devel-windows-x86_64 | 1.6.4 | 31.00 | 205.00 | 236.00 | OK | |
r-patched-linux-x86_64 | 1.6.4 | 28.52 | 159.86 | 188.38 | OK | |
r-release-linux-x86_64 | OK | |||||
r-release-macos-arm64 | 1.6.4 | 93.00 | OK | |||
r-release-macos-x86_64 | 1.6.4 | 202.00 | OK | |||
r-release-windows-x86_64 | 1.6.4 | 30.00 | 207.00 | 237.00 | OK | |
r-oldrel-macos-arm64 | 1.6.4 | 81.00 | OK | |||
r-oldrel-macos-x86_64 | 1.6.4 | 158.00 | OK | |||
r-oldrel-windows-x86_64 | 1.6.4 | 41.00 | 245.00 | 286.00 | OK |
Version: 1.6.4
Check: CRAN incoming feasibility
Result: NOTE
Maintainer: ‘Björn Andersson <bjoern.h.andersson@gmail.com>’
Package CITATION file contains call(s) to old-style personList() or
as.personList(). Please use c() on person objects instead.
Package CITATION file contains call(s) to old-style citEntry(). Please
use bibentry() instead.
Flavors: r-devel-linux-x86_64-debian-clang, r-devel-linux-x86_64-debian-gcc
These binaries (installable software) and packages are in development.
They may not be fully stable and should be used with caution. We make no claims about them.