CRAN Package Check Results for Package kequate

Last updated on 2025-07-11 13:48:29 CEST.

Flavor Version Tinstall Tcheck Ttotal Status Flags
r-devel-linux-x86_64-debian-clang 1.6.4 30.80 170.98 201.78 NOTE
r-devel-linux-x86_64-debian-gcc 1.6.4 19.12 117.85 136.97 NOTE
r-devel-linux-x86_64-fedora-clang 1.6.4 314.89 OK
r-devel-linux-x86_64-fedora-gcc 1.6.4 301.98 OK
r-devel-windows-x86_64 1.6.4 26.00 208.00 234.00 OK
r-patched-linux-x86_64 1.6.4 31.16 161.15 192.31 OK
r-release-linux-x86_64 1.6.4 31.74 162.90 194.64 OK
r-release-macos-arm64 1.6.4 93.00 OK
r-release-macos-x86_64 1.6.4 202.00 OK
r-release-windows-x86_64 1.6.4 29.00 208.00 237.00 OK
r-oldrel-macos-arm64 1.6.4 81.00 OK
r-oldrel-macos-x86_64 1.6.4 158.00 OK
r-oldrel-windows-x86_64 1.6.4 41.00 243.00 284.00 OK

Check Details

Version: 1.6.4
Check: CRAN incoming feasibility
Result: NOTE Maintainer: ‘Björn Andersson <bjoern.h.andersson@gmail.com>’ Package CITATION file contains call(s) to old-style personList() or as.personList(). Please use c() on person objects instead. Package CITATION file contains call(s) to old-style citEntry(). Please use bibentry() instead. Flavors: r-devel-linux-x86_64-debian-clang, r-devel-linux-x86_64-debian-gcc

These binaries (installable software) and packages are in development.
They may not be fully stable and should be used with caution. We make no claims about them.