Last updated on 2025-11-16 07:49:37 CET.
| Flavor | Version | Tinstall | Tcheck | Ttotal | Status | Flags |
|---|---|---|---|---|---|---|
| r-devel-linux-x86_64-debian-clang | 1.1 | 13.85 | 44.28 | 58.13 | NOTE | |
| r-devel-linux-x86_64-debian-gcc | 1.1 | 10.28 | 32.77 | 43.05 | NOTE | |
| r-devel-linux-x86_64-fedora-clang | 1.1 | 76.00 | 25.16 | 101.16 | OK | |
| r-devel-linux-x86_64-fedora-gcc | 1.1 | 36.00 | 57.25 | 93.25 | OK | |
| r-devel-windows-x86_64 | 1.1 | 21.00 | 76.00 | 97.00 | OK | |
| r-patched-linux-x86_64 | 1.1 | 15.42 | 42.56 | 57.98 | OK | |
| r-release-linux-x86_64 | 1.1 | 15.56 | 42.19 | 57.75 | OK | |
| r-release-macos-arm64 | 1.1 | 7.00 | 23.00 | 30.00 | OK | |
| r-release-macos-x86_64 | 1.1 | 11.00 | 40.00 | 51.00 | OK | |
| r-release-windows-x86_64 | 1.1 | 17.00 | 75.00 | 92.00 | OK | |
| r-oldrel-macos-arm64 | 1.1 | 7.00 | 22.00 | 29.00 | OK | |
| r-oldrel-macos-x86_64 | 1.1 | 9.00 | 33.00 | 42.00 | OK | |
| r-oldrel-windows-x86_64 | 1.1 | 16.00 | 91.00 | 107.00 | OK |
Version: 1.1
Check: CRAN incoming feasibility
Result: NOTE
Maintainer: ‘Hoseung Song <hosong@ucdavis.edu>’
The Description field contains
(2022) <arXiv:2206.01853>.
Please refer to arXiv e-prints via their arXiv DOI <doi:10.48550/arXiv.YYMM.NNNNN>.
Flavors: r-devel-linux-x86_64-debian-clang, r-devel-linux-x86_64-debian-gcc
These binaries (installable software) and packages are in development.
They may not be fully stable and should be used with caution. We make no claims about them.