Last updated on 2025-11-11 15:50:37 CET.
| Flavor | Version | Tinstall | Tcheck | Ttotal | Status | Flags |
|---|---|---|---|---|---|---|
| r-devel-linux-x86_64-debian-clang | 2.16.0 | 22.23 | 221.04 | 243.27 | OK | |
| r-devel-linux-x86_64-debian-gcc | 2.16.0 | 14.77 | 154.26 | 169.03 | OK | |
| r-devel-linux-x86_64-fedora-clang | 2.16.0 | 108.00 | 269.76 | 377.76 | OK | |
| r-devel-linux-x86_64-fedora-gcc | 2.16.0 | 41.00 | 295.36 | 336.36 | OK | |
| r-devel-windows-x86_64 | 2.16.0 | 28.00 | 290.00 | 318.00 | OK | |
| r-patched-linux-x86_64 | 2.16.0 | 35.89 | 208.88 | 244.77 | OK | |
| r-release-linux-x86_64 | 2.16.0 | 19.37 | 210.69 | 230.06 | OK | |
| r-release-macos-arm64 | 2.16.0 | 11.00 | 112.00 | 123.00 | OK | |
| r-release-macos-x86_64 | 2.16.0 | 25.00 | 210.00 | 235.00 | OK | |
| r-release-windows-x86_64 | 2.16.0 | 27.00 | 297.00 | 324.00 | OK | |
| r-oldrel-macos-arm64 | 2.16.0 | 10.00 | 115.00 | 125.00 | OK | |
| r-oldrel-macos-x86_64 | 2.16.0 | 26.00 | 219.00 | 245.00 | NOTE | |
| r-oldrel-windows-x86_64 | 2.16.0 | 36.00 | 340.00 | 376.00 | OK |
Version: 2.16.0
Check: installed package size
Result: NOTE
installed size is 5.1Mb
sub-directories of 1Mb or more:
doc 2.0Mb
help 2.1Mb
Flavor: r-oldrel-macos-x86_64
These binaries (installable software) and packages are in development.
They may not be fully stable and should be used with caution. We make no claims about them.