Last updated on 2025-11-12 19:51:52 CET.
| Flavor | Version | Tinstall | Tcheck | Ttotal | Status | Flags |
|---|---|---|---|---|---|---|
| r-devel-linux-x86_64-debian-clang | 1.4.0 | 50.58 | 1026.58 | 1077.16 | OK | |
| r-devel-linux-x86_64-debian-gcc | 1.4.0 | 39.33 | 646.57 | 685.90 | OK | |
| r-devel-linux-x86_64-fedora-clang | 1.4.0 | 214.00 | 1363.66 | 1577.66 | OK | |
| r-devel-linux-x86_64-fedora-gcc | 1.4.0 | 103.00 | 1294.29 | 1397.29 | OK | |
| r-devel-windows-x86_64 | 1.4.0 | 61.00 | 1097.00 | 1158.00 | OK | |
| r-patched-linux-x86_64 | 1.4.0 | 247.92 | 956.01 | 1203.93 | OK | |
| r-release-linux-x86_64 | 1.4.0 | 45.29 | 959.91 | 1005.20 | OK | |
| r-release-macos-arm64 | 1.4.0 | 24.00 | 213.00 | 237.00 | OK | |
| r-release-macos-x86_64 | 1.4.0 | 47.00 | 454.00 | 501.00 | OK | |
| r-release-windows-x86_64 | 1.4.0 | 59.00 | 1164.00 | 1223.00 | OK | |
| r-oldrel-macos-arm64 | 1.4.0 | 26.00 | 218.00 | 244.00 | NOTE | |
| r-oldrel-macos-x86_64 | 1.4.0 | 55.00 | 568.00 | 623.00 | NOTE | |
| r-oldrel-windows-x86_64 | 1.4.0 | 77.00 | 1234.00 | 1311.00 | NOTE |
Version: 1.4.0
Check: installed package size
Result: NOTE
installed size is 14.5Mb
sub-directories of 1Mb or more:
doc 3.3Mb
help 10.3Mb
Flavors: r-oldrel-macos-arm64, r-oldrel-macos-x86_64, r-oldrel-windows-x86_64
These binaries (installable software) and packages are in development.
They may not be fully stable and should be used with caution. We make no claims about them.