Last updated on 2025-10-23 11:50:17 CEST.
Flavor | Version | Tinstall | Tcheck | Ttotal | Status | Flags |
---|---|---|---|---|---|---|
r-devel-linux-x86_64-debian-clang | 0.1.10 | 18.86 | 46.03 | 64.89 | NOTE | |
r-devel-linux-x86_64-debian-gcc | 0.1.10 | 12.71 | 33.74 | 46.45 | NOTE | |
r-devel-linux-x86_64-fedora-clang | 0.1.10 | 128.00 | -9.12 | 118.88 | OK | |
r-devel-linux-x86_64-fedora-gcc | 0.1.10 | 45.00 | 52.58 | 97.58 | OK | |
r-devel-windows-x86_64 | 0.1.10 | 25.00 | 78.00 | 103.00 | OK | |
r-patched-linux-x86_64 | 0.1.10 | 20.21 | 43.05 | 63.26 | OK | |
r-release-linux-x86_64 | 0.1.10 | 19.32 | 43.55 | 62.87 | OK | |
r-release-macos-arm64 | 0.1.10 | 9.00 | 26.00 | 35.00 | OK | |
r-release-macos-x86_64 | 0.1.10 | 10.00 | 50.00 | 60.00 | OK | |
r-release-windows-x86_64 | 0.1.10 | 27.00 | 83.00 | 110.00 | OK | |
r-oldrel-macos-arm64 | 0.1.10 | 10.00 | 23.00 | 33.00 | OK | |
r-oldrel-macos-x86_64 | 0.1.10 | 9.00 | 34.00 | 43.00 | OK | |
r-oldrel-windows-x86_64 | 0.1.10 | 29.00 | 102.00 | 131.00 | OK |
Version: 0.1.10
Check: CRAN incoming feasibility
Result: NOTE
Maintainer: ‘Tymoteusz Wolodzko <twolodzko+kernelboot@gmail.com>’
No Authors@R field in DESCRIPTION.
Please add one, modifying
Authors@R: person(given = "Tymoteusz",
family = "Wolodzko",
role = c("aut", "cre"),
email = "twolodzko+kernelboot@gmail.com")
as necessary.
Flavors: r-devel-linux-x86_64-debian-clang, r-devel-linux-x86_64-debian-gcc
Version: 0.1.10
Check: HTML version of manual
Result: NOTE
Found the following HTML validation problems:
summary.kernelboot.html:60:1 (summary.kernelboot.Rd:17): Warning: missing </ul> before </div>
Flavor: r-devel-linux-x86_64-debian-clang
These binaries (installable software) and packages are in development.
They may not be fully stable and should be used with caution. We make no claims about them.