Last updated on 2025-05-02 02:50:58 CEST.
Flavor | Version | Tinstall | Tcheck | Ttotal | Status | Flags |
---|---|---|---|---|---|---|
r-devel-linux-x86_64-debian-clang | 0.1.2 | 2.25 | 27.48 | 29.73 | NOTE | |
r-devel-linux-x86_64-debian-gcc | 0.1.2 | 1.76 | 21.32 | 23.08 | OK | |
r-devel-linux-x86_64-fedora-clang | 0.1.2 | 47.34 | OK | |||
r-devel-linux-x86_64-fedora-gcc | 0.1.2 | 45.75 | OK | |||
r-devel-windows-x86_64 | 0.1.2 | 4.00 | 56.00 | 60.00 | OK | |
r-patched-linux-x86_64 | 0.1.2 | 2.36 | 26.33 | 28.69 | OK | |
r-release-linux-x86_64 | OK | |||||
r-release-macos-arm64 | 0.1.2 | 20.00 | OK | |||
r-release-macos-x86_64 | 0.1.2 | 39.00 | OK | |||
r-release-windows-x86_64 | 0.1.2 | 4.00 | 60.00 | 64.00 | OK | |
r-oldrel-macos-arm64 | 0.1.2 | 20.00 | OK | |||
r-oldrel-macos-x86_64 | 0.1.2 | 36.00 | OK | |||
r-oldrel-windows-x86_64 | 0.1.2 | 5.00 | 53.00 | 58.00 | OK |
Version: 0.1.2
Check: examples
Result: NOTE
Examples with CPU (user + system) or elapsed time > 5s
user system elapsed
kp.pwcurv 4.668 0.104 6.557
Flavor: r-devel-linux-x86_64-debian-clang
These binaries (installable software) and packages are in development.
They may not be fully stable and should be used with caution. We make no claims about them.